66.249.64.131 - - [20/May/2026:23:29:57 +0000] "GET /?jp/118017271.html HTTP/1.1" 200 1362 "-" "Mozilla/5.0 (Linux; Android 6.0.1; Nexus 5X Build/MMB29P) AppleWebKit/537.36 (KHTML, like Gecko) Chrome/148.0.7778.96 Mobile Safari/537.36 (compatible; Googlebot/2.1; +http://www.google.com/bot.html)"
66.249.64.130 - - [20/May/2026:23:30:07 +0000] "GET /?detail/15903128952968 HTTP/1.1" 200 1362 "-" "Mozilla/5.0 (Linux; Android 6.0.1; Nexus 5X Build/MMB29P) AppleWebKit/537.36 (KHTML, like Gecko) Chrome/148.0.7778.96 Mobile Safari/537.36 (compatible; Googlebot/2.1; +http://www.google.com/bot.html)"
40.77.167.37 - - [20/May/2026:23:30:56 +0000] "GET /943677539?product=0942698566 HTTP/1.1" 404 - "-" "Mozilla/5.0 AppleWebKit/537.36 (KHTML, like Gecko; compatible; bingbot/2.0; +http://www.bing.com/bingbot.htm) Chrome/116.0.1938.76 Safari/537.36"
52.167.144.161 - - [20/May/2026:23:31:07 +0000] "GET /3527423288?product=3523761298 HTTP/1.1" 404 - "-" "Mozilla/5.0 AppleWebKit/537.36 (KHTML, like Gecko; compatible; bingbot/2.0; +http://www.bing.com/bingbot.htm) Chrome/116.0.1938.76 Safari/537.36"
66.249.64.132 - - [20/May/2026:23:31:12 +0000] "GET /?goods/043040471 HTTP/1.1" 200 1362 "-" "Mozilla/5.0 (Linux; Android 6.0.1; Nexus 5X Build/MMB29P) AppleWebKit/537.36 (KHTML, like Gecko) Chrome/148.0.7778.96 Mobile Safari/537.36 (compatible; Googlebot/2.1; +http://www.google.com/bot.html)"
66.249.64.132 - - [20/May/2026:23:31:13 +0000] "GET /?goods/191004785 HTTP/1.1" 200 1362 "-" "Mozilla/5.0 (Linux; Android 6.0.1; Nexus 5X Build/MMB29P) AppleWebKit/537.36 (KHTML, like Gecko) Chrome/148.0.7778.96 Mobile Safari/537.36 (compatible; Googlebot/2.1; +http://www.google.com/bot.html)"
66.249.70.131 - - [20/May/2026:23:31:23 +0000] "GET /3448011608?product=3444432082 HTTP/1.1" 404 - "-" "Mozilla/5.0 (Linux; Android 6.0.1; Nexus 5X Build/MMB29P) AppleWebKit/537.36 (KHTML, like Gecko) Chrome/148.0.7778.96 Mobile Safari/537.36 (compatible; Googlebot/2.1; +http://www.google.com/bot.html)"
66.249.64.130 - - [20/May/2026:23:31:47 +0000] "GET /?goods/020006952 HTTP/1.1" 200 1362 "-" "Mozilla/5.0 (Linux; Android 6.0.1; Nexus 5X Build/MMB29P) AppleWebKit/537.36 (KHTML, like Gecko) Chrome/148.0.7778.96 Mobile Safari/537.36 (compatible; Googlebot/2.1; +http://www.google.com/bot.html)"
66.249.70.130 - - [20/May/2026:23:31:47 +0000] "GET /q-~165O0644NKyikE1qKm7fesMx5oY2OsKzL12358/ HTTP/1.1" 404 - "-" "Mozilla/5.0 (Linux; Android 6.0.1; Nexus 5X Build/MMB29P) AppleWebKit/537.36 (KHTML, like Gecko) Chrome/148.0.7778.96 Mobile Safari/537.36 (compatible; Googlebot/2.1; +http://www.google.com/bot.html)"
66.249.64.131 - - [20/May/2026:23:31:49 +0000] "GET /1890971448?product=1889008786 HTTP/1.1" 404 - "-" "Mozilla/5.0 (Linux; Android 6.0.1; Nexus 5X Build/MMB29P) AppleWebKit/537.36 (KHTML, like Gecko) Chrome/148.0.7778.96 Mobile Safari/537.36 (compatible; Googlebot/2.1; +http://www.google.com/bot.html)"
66.249.64.130 - - [20/May/2026:23:31:59 +0000] "GET /hirochishop-rig244293 HTTP/1.1" 404 - "-" "Mozilla/5.0 (Linux; Android 6.0.1; Nexus 5X Build/MMB29P) AppleWebKit/537.36 (KHTML, like Gecko) Chrome/148.0.7778.96 Mobile Safari/537.36 (compatible; Googlebot/2.1; +http://www.google.com/bot.html)"
66.249.70.129 - - [20/May/2026:23:32:19 +0000] "GET /?goods/177013013 HTTP/1.1" 200 1362 "-" "Mozilla/5.0 (Linux; Android 6.0.1; Nexus 5X Build/MMB29P) AppleWebKit/537.36 (KHTML, like Gecko) Chrome/148.0.7778.96 Mobile Safari/537.36 (compatible; Googlebot/2.1; +http://www.google.com/bot.html)"
66.249.64.131 - - [20/May/2026:23:32:29 +0000] "GET /stylife-ep3661 HTTP/1.1" 404 - "-" "Mozilla/5.0 (Linux; Android 6.0.1; Nexus 5X Build/MMB29P) AppleWebKit/537.36 (KHTML, like Gecko) Chrome/148.0.7778.96 Mobile Safari/537.36 (compatible; Googlebot/2.1; +http://www.google.com/bot.html)"
66.249.64.130 - - [20/May/2026:23:32:30 +0000] "GET /akibaoo-r-hm000963728 HTTP/1.1" 404 - "-" "Mozilla/5.0 (Linux; Android 6.0.1; Nexus 5X Build/MMB29P) AppleWebKit/537.36 (KHTML, like Gecko) Chrome/148.0.7778.96 Mobile Safari/537.36 (compatible; Googlebot/2.1; +http://www.google.com/bot.html)"
66.249.70.130 - - [20/May/2026:23:32:36 +0000] "GET /?goods/192030602 HTTP/1.1" 200 1362 "-" "Mozilla/5.0 (Linux; Android 6.0.1; Nexus 5X Build/MMB29P) AppleWebKit/537.36 (KHTML, like Gecko) Chrome/148.0.7778.96 Mobile Safari/537.36 (compatible; Googlebot/2.1; +http://www.google.com/bot.html)"
142.44.225.224 - - [20/May/2026:23:32:55 +0000] "GET /293083979?product=0292780598 HTTP/1.1" 404 - "-" "Mozilla/5.0 (compatible; AhrefsBot/7.0; +http://ahrefs.com/robot/)"
66.249.64.132 - - [20/May/2026:23:33:19 +0000] "GET /hcvalor-eshop-trusco-4976416 HTTP/1.1" 404 - "-" "Mozilla/5.0 (Linux; Android 6.0.1; Nexus 5X Build/MMB29P) AppleWebKit/537.36 (KHTML, like Gecko) Chrome/148.0.7778.96 Mobile Safari/537.36 (compatible; Googlebot/2.1; +http://www.google.com/bot.html)"
66.249.70.131 - - [20/May/2026:23:33:20 +0000] "GET /?jp/131027147.html HTTP/1.1" 200 1362 "-" "Mozilla/5.0 (Linux; Android 6.0.1; Nexus 5X Build/MMB29P) AppleWebKit/537.36 (KHTML, like Gecko) Chrome/148.0.7778.96 Mobile Safari/537.36 (compatible; Googlebot/2.1; +http://www.google.com/bot.html)"
66.249.70.129 - - [20/May/2026:23:33:20 +0000] "GET /?jp/033035470.html HTTP/1.1" 200 1362 "-" "Mozilla/5.0 (Linux; Android 6.0.1; Nexus 5X Build/MMB29P) AppleWebKit/537.36 (KHTML, like Gecko) Chrome/148.0.7778.96 Mobile Safari/537.36 (compatible; Googlebot/2.1; +http://www.google.com/bot.html)"
66.249.64.131 - - [20/May/2026:23:33:21 +0000] "GET /first34-trusco-2106301 HTTP/1.1" 404 - "-" "Mozilla/5.0 (Linux; Android 6.0.1; Nexus 5X Build/MMB29P) AppleWebKit/537.36 (KHTML, like Gecko) Chrome/148.0.7778.96 Mobile Safari/537.36 (compatible; Googlebot/2.1; +http://www.google.com/bot.html)"
51.161.37.38 - - [20/May/2026:23:33:21 +0000] "GET /293037176?product=0292733842 HTTP/1.1" 404 - "-" "Mozilla/5.0 (compatible; AhrefsBot/7.0; +http://ahrefs.com/robot/)"
66.249.70.130 - - [20/May/2026:23:33:30 +0000] "GET /?detail/130023728623 HTTP/1.1" 200 1362 "-" "Mozilla/5.0 (Linux; Android 6.0.1; Nexus 5X Build/MMB29P) AppleWebKit/537.36 (KHTML, like Gecko) Chrome/148.0.7778.96 Mobile Safari/537.36 (compatible; Googlebot/2.1; +http://www.google.com/bot.html)"
54.39.203.185 - - [20/May/2026:23:33:42 +0000] "GET /293011945?product=0292708638 HTTP/1.1" 404 - "-" "Mozilla/5.0 (compatible; AhrefsBot/7.0; +http://ahrefs.com/robot/)"
66.249.64.130 - - [20/May/2026:23:33:50 +0000] "GET /4734260414?product=4729345218 HTTP/1.1" 404 - "-" "Mozilla/5.0 (Linux; Android 6.0.1; Nexus 5X Build/MMB29P) AppleWebKit/537.36 (KHTML, like Gecko) Chrome/148.0.7778.96 Mobile Safari/537.36 (compatible; Googlebot/2.1; +http://www.google.com/bot.html)"
66.249.64.132 - - [20/May/2026:23:34:00 +0000] "GET /?detail/1820058357432 HTTP/1.1" 200 1362 "-" "Mozilla/5.0 (Linux; Android 6.0.1; Nexus 5X Build/MMB29P) AppleWebKit/537.36 (KHTML, like Gecko) Chrome/148.0.7778.96 Mobile Safari/537.36 (compatible; Googlebot/2.1; +http://www.google.com/bot.html)"
66.249.64.130 - - [20/May/2026:23:34:01 +0000] "GET /?goods/188011123 HTTP/1.1" 200 1362 "-" "Mozilla/5.0 (Linux; Android 6.0.1; Nexus 5X Build/MMB29P) AppleWebKit/537.36 (KHTML, like Gecko) Chrome/148.0.7778.96 Mobile Safari/537.36 (compatible; Googlebot/2.1; +http://www.google.com/bot.html)"
66.249.70.129 - - [20/May/2026:23:34:01 +0000] "GET /?goods/045043516 HTTP/1.1" 200 1362 "-" "Mozilla/5.0 (Linux; Android 6.0.1; Nexus 5X Build/MMB29P) AppleWebKit/537.36 (KHTML, like Gecko) Chrome/148.0.7778.96 Mobile Safari/537.36 (compatible; Googlebot/2.1; +http://www.google.com/bot.html)"
54.39.89.36 - - [20/May/2026:23:34:04 +0000] "GET /292956154?product=0292652906 HTTP/1.1" 404 - "-" "Mozilla/5.0 (compatible; AhrefsBot/7.0; +http://ahrefs.com/robot/)"
66.249.64.130 - - [20/May/2026:23:34:10 +0000] "GET /?jp/090019815.html HTTP/1.1" 200 1362 "-" "Mozilla/5.0 (Linux; Android 6.0.1; Nexus 5X Build/MMB29P) AppleWebKit/537.36 (KHTML, like Gecko) Chrome/148.0.7778.96 Mobile Safari/537.36 (compatible; Googlebot/2.1; +http://www.google.com/bot.html)"
51.222.95.72 - - [20/May/2026:23:34:14 +0000] "GET /292888356?product=0292585178 HTTP/1.1" 404 - "-" "Mozilla/5.0 (compatible; AhrefsBot/7.0; +http://ahrefs.com/robot/)"
66.249.64.130 - - [20/May/2026:23:34:20 +0000] "GET /?jp/181003961.html HTTP/1.1" 200 1362 "-" "Mozilla/5.0 (Linux; Android 6.0.1; Nexus 5X Build/MMB29P) AppleWebKit/537.36 (KHTML, like Gecko) Chrome/148.0.7778.96 Mobile Safari/537.36 (compatible; Googlebot/2.1; +http://www.google.com/bot.html)"
54.39.89.229 - - [20/May/2026:23:34:24 +0000] "GET /292842526?product=0292539394 HTTP/1.1" 404 - "-" "Mozilla/5.0 (compatible; AhrefsBot/7.0; +http://ahrefs.com/robot/)"
66.249.64.130 - - [20/May/2026:23:34:26 +0000] "GET /?jp/128021493.html HTTP/1.1" 200 1362 "-" "Mozilla/5.0 (Linux; Android 6.0.1; Nexus 5X Build/MMB29P) AppleWebKit/537.36 (KHTML, like Gecko) Chrome/148.0.7778.96 Mobile Safari/537.36 (compatible; Googlebot/2.1; +http://www.google.com/bot.html)"
142.44.225.241 - - [20/May/2026:23:34:28 +0000] "GET /292815109?product=0292512006 HTTP/1.1" 404 - "-" "Mozilla/5.0 (compatible; AhrefsBot/7.0; +http://ahrefs.com/robot/)"
66.249.64.131 - - [20/May/2026:23:34:36 +0000] "GET /354903063?product=0354535486 HTTP/1.1" 404 - "-" "Mozilla/5.0 (Linux; Android 6.0.1; Nexus 5X Build/MMB29P) AppleWebKit/537.36 (KHTML, like Gecko) Chrome/148.0.7778.96 Mobile Safari/537.36 (compatible; Googlebot/2.1; +http://www.google.com/bot.html)"
54.39.203.180 - - [20/May/2026:23:34:36 +0000] "GET /292812931?product=0292509830 HTTP/1.1" 404 - "-" "Mozilla/5.0 (compatible; AhrefsBot/7.0; +http://ahrefs.com/robot/)"
45.88.191.84 - - [20/May/2026:23:34:40 +0000] "GET /design/admin/lib/images/thumb_blank.png HTTP/1.1" 404 - "-" "Mozilla/5.0 (Windows NT 10.0; Win64; x64) AppleWebKit/537.36 (KHTML, like Gecko) Chrome/120.0.0.0 Safari/537.36"
52.167.144.170 - - [20/May/2026:23:34:44 +0000] "GET /412287715?product=0411860550 HTTP/1.1" 404 - "-" "Mozilla/5.0 AppleWebKit/537.36 (KHTML, like Gecko; compatible; bingbot/2.0; +http://www.bing.com/bingbot.htm) Chrome/116.0.1938.76 Safari/537.36"
66.249.64.131 - - [20/May/2026:23:34:45 +0000] "GET /?goods/130049936 HTTP/1.1" 200 1362 "-" "Mozilla/5.0 (Linux; Android 6.0.1; Nexus 5X Build/MMB29P) AppleWebKit/537.36 (KHTML, like Gecko) Chrome/148.0.7778.96 Mobile Safari/537.36 (compatible; Googlebot/2.1; +http://www.google.com/bot.html)"
51.222.95.16 - - [20/May/2026:23:34:48 +0000] "GET /292748532?product=0292445498 HTTP/1.1" 404 - "-" "Mozilla/5.0 (compatible; AhrefsBot/7.0; +http://ahrefs.com/robot/)"
116.179.32.29 - - [20/May/2026:23:34:49 +0000] "GET /berita-muslim/travel/salzburg-%E0%B8%8B%E0%B8%B2%E0%B8%A5%E0%B8%9A%E0%B8%A7%E0%B8%A3%E0%B9%8C%E0%B8%81.html HTTP/1.1" 404 - "-" "Mozilla/5.0 (compatible; Baiduspider/2.0; +http://www.baidu.com/search/spider.html)"
52.167.144.161 - - [20/May/2026:23:34:53 +0000] "GET /587265772?product=0586656906 HTTP/1.1" 404 - "-" "Mozilla/5.0 AppleWebKit/537.36 (KHTML, like Gecko; compatible; bingbot/2.0; +http://www.bing.com/bingbot.htm) Chrome/116.0.1938.76 Safari/537.36"
40.77.167.143 - - [20/May/2026:23:34:57 +0000] "GET /914820149?product=0913871142 HTTP/1.1" 404 - "-" "Mozilla/5.0 AppleWebKit/537.36 (KHTML, like Gecko; compatible; bingbot/2.0; +http://www.bing.com/bingbot.htm) Chrome/116.0.1938.76 Safari/537.36"
40.77.167.58 - - [20/May/2026:23:35:00 +0000] "GET /751312442?product=0750533226 HTTP/1.1" 404 - "-" "Mozilla/5.0 AppleWebKit/537.36 (KHTML, like Gecko; compatible; bingbot/2.0; +http://www.bing.com/bingbot.htm) Chrome/116.0.1938.76 Safari/537.36"
66.249.64.132 - - [20/May/2026:23:35:00 +0000] "GET /?goods/025011872 HTTP/1.1" 200 1362 "-" "Mozilla/5.0 (Linux; Android 6.0.1; Nexus 5X Build/MMB29P) AppleWebKit/537.36 (KHTML, like Gecko) Chrome/148.0.7778.96 Mobile Safari/537.36 (compatible; Googlebot/2.1; +http://www.google.com/bot.html)"
66.249.64.131 - - [20/May/2026:23:35:01 +0000] "GET /?detail/07900070370041 HTTP/1.1" 200 1362 "-" "Mozilla/5.0 (Linux; Android 6.0.1; Nexus 5X Build/MMB29P) AppleWebKit/537.36 (KHTML, like Gecko) Chrome/148.0.7778.96 Mobile Safari/537.36 (compatible; Googlebot/2.1; +http://www.google.com/bot.html)"
151.115.35.91 - - [20/May/2026:23:35:05 +0000] "GET / HTTP/1.1" 200 12365 "-" "Mozilla/5.0 (Windows NT 10.0; Win64; x64) AppleWebKit/537.36 (KHTML, like Gecko) Chrome/106.0.0.0 Safari/537.36 Edg/106.0.1370.42"
54.39.0.221 - - [20/May/2026:23:35:29 +0000] "GET /292664369?product=0292361422 HTTP/1.1" 404 - "-" "Mozilla/5.0 (compatible; AhrefsBot/7.0; +http://ahrefs.com/robot/)"
66.249.64.131 - - [20/May/2026:23:35:30 +0000] "GET /?goods/269004230 HTTP/1.1" 200 1362 "-" "Mozilla/5.0 (Linux; Android 6.0.1; Nexus 5X Build/MMB29P) AppleWebKit/537.36 (KHTML, like Gecko) Chrome/148.0.7778.96 Mobile Safari/537.36 (compatible; Googlebot/2.1; +http://www.google.com/bot.html)"
66.249.70.130 - - [20/May/2026:23:35:31 +0000] "GET /?detail/21504434738890 HTTP/1.1" 200 1362 "-" "Mozilla/5.0 (Linux; Android 6.0.1; Nexus 5X Build/MMB29P) AppleWebKit/537.36 (KHTML, like Gecko) Chrome/148.0.7778.96 Mobile Safari/537.36 (compatible; Googlebot/2.1; +http://www.google.com/bot.html)"
66.249.64.130 - - [20/May/2026:23:35:31 +0000] "GET /?detail/147046909421 HTTP/1.1" 200 1362 "-" "Mozilla/5.0 (Linux; Android 6.0.1; Nexus 5X Build/MMB29P) AppleWebKit/537.36 (KHTML, like Gecko) Chrome/148.0.7778.96 Mobile Safari/537.36 (compatible; Googlebot/2.1; +http://www.google.com/bot.html)"
66.249.64.130 - - [20/May/2026:23:35:57 +0000] "GET /?jp/278026137.html HTTP/1.1" 200 1362 "-" "Mozilla/5.0 (Linux; Android 6.0.1; Nexus 5X Build/MMB29P) AppleWebKit/537.36 (KHTML, like Gecko) Chrome/148.0.7778.96 Mobile Safari/537.36 (compatible; Googlebot/2.1; +http://www.google.com/bot.html)"
66.249.70.131 - - [20/May/2026:23:36:07 +0000] "GET /?goods/059048522 HTTP/1.1" 200 1362 "-" "Mozilla/5.0 (Linux; Android 6.0.1; Nexus 5X Build/MMB29P) AppleWebKit/537.36 (KHTML, like Gecko) Chrome/148.0.7778.96 Mobile Safari/537.36 (compatible; Googlebot/2.1; +http://www.google.com/bot.html)"
66.249.64.132 - - [20/May/2026:23:36:08 +0000] "GET /?jp/091020225.html HTTP/1.1" 200 1362 "-" "Mozilla/5.0 (Linux; Android 6.0.1; Nexus 5X Build/MMB29P) AppleWebKit/537.36 (KHTML, like Gecko) Chrome/148.0.7778.96 Mobile Safari/537.36 (compatible; Googlebot/2.1; +http://www.google.com/bot.html)"
66.249.64.131 - - [20/May/2026:23:36:08 +0000] "GET /?goods/126016552 HTTP/1.1" 200 1362 "-" "Mozilla/5.0 (Linux; Android 6.0.1; Nexus 5X Build/MMB29P) AppleWebKit/537.36 (KHTML, like Gecko) Chrome/148.0.7778.96 Mobile Safari/537.36 (compatible; Googlebot/2.1; +http://www.google.com/bot.html)"
84.54.23.203 - - [20/May/2026:23:36:15 +0000] "GET /wp-content/uploads/2022/01/%E0%B8%A7%E0%B8%B1%E0%B8%99%E0%B8%99%E0%B8%B5%E0%B9%89%E0%B9%83%E0%B8%99%E0%B8%AD%E0%B8%94%E0%B8%B5%E0%B8%95-16-%E0%B8%A1%E0%B8%81%E0%B8%A3%E0%B8%B2%E0%B8%84%E0%B8%A1-%E0%B8%9E.%E0%B8%A8.-2491-%E0%B8%AB%E0%B8%B0%E0%B8%A2%E0%B8%B5%E0%B8%AA%E0%B8%B8%E0%B8%AB%E0%B8%A5%E0%B8%87-%E0%B8%96%E0%B8%B9%E0%B8%81%E0%B8%88%E0%B8%B1.jpg HTTP/1.1" 404 - "-" "Mozilla/5.0 (Macintosh; Intel Mac OS X 10_15_7) AppleWebKit/605.1.15 (KHTML, like Gecko) Version/17.1 Safari/605.1.15"
66.249.70.129 - - [20/May/2026:23:36:18 +0000] "GET /?jp/166024596.html HTTP/1.1" 200 1362 "-" "Mozilla/5.0 (Linux; Android 6.0.1; Nexus 5X Build/MMB29P) AppleWebKit/537.36 (KHTML, like Gecko) Chrome/148.0.7778.96 Mobile Safari/537.36 (compatible; Googlebot/2.1; +http://www.google.com/bot.html)"
15.235.96.54 - - [20/May/2026:23:36:33 +0000] "GET /292655511?product=0292352574 HTTP/1.1" 404 - "-" "Mozilla/5.0 (compatible; AhrefsBot/7.0; +http://ahrefs.com/robot/)"
66.249.64.130 - - [20/May/2026:23:36:38 +0000] "GET /?detail/03302440851126 HTTP/1.1" 200 1362 "-" "Mozilla/5.0 (Linux; Android 6.0.1; Nexus 5X Build/MMB29P) AppleWebKit/537.36 (KHTML, like Gecko) Chrome/148.0.7778.96 Mobile Safari/537.36 (compatible; Googlebot/2.1; +http://www.google.com/bot.html)"
66.249.70.129 - - [20/May/2026:23:36:48 +0000] "GET /?detail/277044649067 HTTP/1.1" 200 1362 "-" "Mozilla/5.0 (Linux; Android 6.0.1; Nexus 5X Build/MMB29P) AppleWebKit/537.36 (KHTML, like Gecko) Chrome/148.0.7778.96 Mobile Safari/537.36 (compatible; Googlebot/2.1; +http://www.google.com/bot.html)"
185.197.249.143 - - [20/May/2026:23:37:16 +0000] "GET /wp-content/uploads/2023/08/S__83648549-150x150.jpg HTTP/1.1" 404 - "-" "Mozilla/5.0 (Windows NT 10.0; Win64; x64) AppleWebKit/537.36 (KHTML, like Gecko) Chrome/120.0.0.0 Safari/537.36"
66.249.64.132 - - [20/May/2026:23:37:17 +0000] "GET /073007407 HTTP/1.1" 404 - "-" "Mozilla/5.0 (Linux; Android 6.0.1; Nexus 5X Build/MMB29P) AppleWebKit/537.36 (KHTML, like Gecko) Chrome/148.0.7778.96 Mobile Safari/537.36 (compatible; Googlebot/2.1; +http://www.google.com/bot.html)"
66.249.64.132 - - [20/May/2026:23:37:18 +0000] "GET /?detail/2370051000579 HTTP/1.1" 200 1362 "-" "Mozilla/5.0 (Linux; Android 6.0.1; Nexus 5X Build/MMB29P) AppleWebKit/537.36 (KHTML, like Gecko) Chrome/148.0.7778.96 Mobile Safari/537.36 (compatible; Googlebot/2.1; +http://www.google.com/bot.html)"
66.249.64.132 - - [20/May/2026:23:37:18 +0000] "GET /?jp/267044277.html HTTP/1.1" 200 1362 "-" "Mozilla/5.0 (Linux; Android 6.0.1; Nexus 5X Build/MMB29P) AppleWebKit/537.36 (KHTML, like Gecko) Chrome/148.0.7778.96 Mobile Safari/537.36 (compatible; Googlebot/2.1; +http://www.google.com/bot.html)"
51.161.65.249 - - [20/May/2026:23:37:20 +0000] "GET /292610628?product=0292307738 HTTP/1.1" 404 - "-" "Mozilla/5.0 (compatible; AhrefsBot/7.0; +http://ahrefs.com/robot/)"
66.249.64.130 - - [20/May/2026:23:37:28 +0000] "GET /?goods/041012494 HTTP/1.1" 200 1362 "-" "Mozilla/5.0 (Linux; Android 6.0.1; Nexus 5X Build/MMB29P) AppleWebKit/537.36 (KHTML, like Gecko) Chrome/148.0.7778.96 Mobile Safari/537.36 (compatible; Googlebot/2.1; +http://www.google.com/bot.html)"
66.249.64.130 - - [20/May/2026:23:37:38 +0000] "GET /?goods/228023957 HTTP/1.1" 200 1362 "-" "Mozilla/5.0 (Linux; Android 6.0.1; Nexus 5X Build/MMB29P) AppleWebKit/537.36 (KHTML, like Gecko) Chrome/148.0.7778.96 Mobile Safari/537.36 (compatible; Googlebot/2.1; +http://www.google.com/bot.html)"
66.249.64.130 - - [20/May/2026:23:38:02 +0000] "GET /?detail/1770140702365 HTTP/1.1" 200 1362 "-" "Mozilla/5.0 (Linux; Android 6.0.1; Nexus 5X Build/MMB29P) AppleWebKit/537.36 (KHTML, like Gecko) Chrome/148.0.7778.96 Mobile Safari/537.36 (compatible; Googlebot/2.1; +http://www.google.com/bot.html)"
66.249.64.132 - - [20/May/2026:23:38:02 +0000] "GET /?goods/151049594 HTTP/1.1" 200 1362 "-" "Mozilla/5.0 (Linux; Android 6.0.1; Nexus 5X Build/MMB29P) AppleWebKit/537.36 (KHTML, like Gecko) Chrome/148.0.7778.96 Mobile Safari/537.36 (compatible; Googlebot/2.1; +http://www.google.com/bot.html)"
54.39.210.91 - - [20/May/2026:23:38:06 +0000] "GET /292598627?product=0292295750 HTTP/1.1" 404 - "-" "Mozilla/5.0 (compatible; AhrefsBot/7.0; +http://ahrefs.com/robot/)"
66.249.70.131 - - [20/May/2026:23:38:12 +0000] "GET /?detail/27204759981922 HTTP/1.1" 200 1362 "-" "Mozilla/5.0 (Linux; Android 6.0.1; Nexus 5X Build/MMB29P) AppleWebKit/537.36 (KHTML, like Gecko) Chrome/148.0.7778.96 Mobile Safari/537.36 (compatible; Googlebot/2.1; +http://www.google.com/bot.html)"
66.249.64.131 - - [20/May/2026:23:38:13 +0000] "GET /?jp/140044859.html HTTP/1.1" 200 1362 "-" "Mozilla/5.0 (Linux; Android 6.0.1; Nexus 5X Build/MMB29P) AppleWebKit/537.36 (KHTML, like Gecko) Chrome/148.0.7778.96 Mobile Safari/537.36 (compatible; Googlebot/2.1; +http://www.google.com/bot.html)"
66.249.64.130 - - [20/May/2026:23:38:26 +0000] "GET /?goods/211014805 HTTP/1.1" 200 1362 "-" "Mozilla/5.0 (Linux; Android 6.0.1; Nexus 5X Build/MMB29P) AppleWebKit/537.36 (KHTML, like Gecko) Chrome/148.0.7778.96 Mobile Safari/537.36 (compatible; Googlebot/2.1; +http://www.google.com/bot.html)"
51.222.95.168 - - [20/May/2026:23:38:30 +0000] "GET /292540780?product=0292237962 HTTP/1.1" 404 - "-" "Mozilla/5.0 (compatible; AhrefsBot/7.0; +http://ahrefs.com/robot/)"
54.39.89.99 - - [20/May/2026:23:38:57 +0000] "GET /292526465?product=0292223662 HTTP/1.1" 404 - "-" "Mozilla/5.0 (compatible; AhrefsBot/7.0; +http://ahrefs.com/robot/)"
66.249.64.130 - - [20/May/2026:23:39:06 +0000] "GET /?goods/070043522 HTTP/1.1" 200 1362 "-" "Mozilla/5.0 (Linux; Android 6.0.1; Nexus 5X Build/MMB29P) AppleWebKit/537.36 (KHTML, like Gecko) Chrome/148.0.7778.96 Mobile Safari/537.36 (compatible; Googlebot/2.1; +http://www.google.com/bot.html)"
66.249.64.131 - - [20/May/2026:23:39:16 +0000] "GET /?detail/29903459968696 HTTP/1.1" 200 1362 "-" "Mozilla/5.0 (Linux; Android 6.0.1; Nexus 5X Build/MMB29P) AppleWebKit/537.36 (KHTML, like Gecko) Chrome/148.0.7778.96 Mobile Safari/537.36 (compatible; Googlebot/2.1; +http://www.google.com/bot.html)"
148.113.130.170 - - [20/May/2026:23:39:26 +0000] "GET /292491541?product=0292188774 HTTP/1.1" 404 - "-" "Mozilla/5.0 (compatible; AhrefsBot/7.0; +http://ahrefs.com/robot/)"
96.62.228.133 - - [20/May/2026:23:39:32 +0000] "GET / HTTP/1.1" 200 12365 "-" "Mozilla/5.0 (compatible; Amazonbot/0.1; +https://developer.amazon.com/support/amazonbot)"
96.62.228.133 - - [20/May/2026:23:39:33 +0000] "GET /1gbdtyx/ HTTP/1.1" 200 639 "-" "Mozilla/5.0 (compatible; YouBot/1.0; +https://about.you.com/youbot/)"
96.62.228.133 - - [20/May/2026:23:39:35 +0000] "GET /8lgwj7x8.php HTTP/1.1" 200 5772 "-" "Mozilla/5.0 AppleWebKit/537.36 (KHTML, like Gecko; compatible; bingbot/2.0; +http://www.bing.com/bingbot.htm) Chrome/116.0.0.0 Safari/537.36"
96.62.228.133 - - [20/May/2026:23:39:36 +0000] "GET /VJAwceQSnPO.php HTTP/1.1" 500 - "-" "Mozilla/5.0 (compatible; OAI-SearchBot/1.3; +https://openai.com/searchbot)"
96.62.228.133 - - [20/May/2026:23:39:36 +0000] "GET /HICrS8x9oQP.php HTTP/1.1" 200 53038 "-" "Mozilla/5.0 (compatible; Bytespider; spider-feedback@bytedance.com)"
96.62.228.133 - - [20/May/2026:23:39:36 +0000] "GET /XCJETeB4LOv.php HTTP/1.1" 200 126 "-" "Mozilla/5.0 (compatible; OAI-SearchBot/1.3; +https://openai.com/searchbot)"
96.62.228.133 - - [20/May/2026:23:39:36 +0000] "GET /Jruc1EBzYeS.php HTTP/1.1" 404 - "-" "Mozilla/5.0 (compatible; GoogleOther; +https://developers.google.com/search/docs/crawling-indexing/overview-google-crawlers)"
96.62.228.133 - - [20/May/2026:23:39:36 +0000] "GET /NfUVCEd9G5A.php HTTP/1.1" 200 126 "-" "Mozilla/5.0 (compatible; CohereBot/1.0; +https://cohere.com/bot)"
96.62.228.133 - - [20/May/2026:23:39:36 +0000] "GET /51YFXJRKpy4.php HTTP/1.1" 200 126 "-" "Mozilla/5.0 (compatible; DeepSeekBot/1.0; +https://www.deepseek.com/bot)"
96.62.228.133 - - [20/May/2026:23:39:36 +0000] "GET /ORVX-96bVYg.php HTTP/1.1" 200 126 "-" "Mozilla/5.0 (compatible; bingbot/2.0; +http://www.bing.com/bingbot.htm)"
96.62.228.133 - - [20/May/2026:23:39:36 +0000] "GET /9okrLOPaeW6.php HTTP/1.1" 200 126 "-" "Mozilla/5.0 (compatible; YouBot/1.0; +https://about.you.com/youbot/)"
96.62.228.133 - - [20/May/2026:23:39:36 +0000] "GET /M1rLKpItd9e.php HTTP/1.1" 200 295 "-" "facebookexternalhit/1.1 (+http://www.facebook.com/externalhit_uatext.php)"
96.62.228.133 - - [20/May/2026:23:39:36 +0000] "GET /9exy7x5y.php HTTP/1.1" 200 295 "-" "Mozilla/5.0 (compatible; bingbot/2.0; +http://www.bing.com/bingbot.htm)"
96.62.228.133 - - [20/May/2026:23:39:36 +0000] "GET /ORVX-LNdU8U.php HTTP/1.1" 200 7537 "-" "Mozilla/5.0 (compatible; SemrushBot/7~bl; +http://www.semrush.com/bot.html)"
96.62.228.133 - - [20/May/2026:23:39:37 +0000] "GET /clgqiyb/ HTTP/1.1" 200 815 "-" "DuckDuckBot/1.1; (+http://duckduckgo.com/duckduckbot.html)"
96.62.228.133 - - [20/May/2026:23:39:37 +0000] "GET /azjxo1t/ HTTP/1.1" 200 639 "-" "Mozilla/5.0 (compatible; YouBot/1.0; +https://about.you.com/youbot/)"
96.62.228.133 - - [20/May/2026:23:39:37 +0000] "GET /configuration.php HTTP/1.1" 200 1108 "-" "Mozilla/5.0 (compatible; bingbot/2.0; +http://www.bing.com/bingbot.htm)"
96.62.228.133 - - [20/May/2026:23:39:37 +0000] "GET /PVn7bKzi8Fe.php HTTP/1.1" 500 - "-" "Mozilla/5.0 (compatible; Baiduspider/2.0; +http://www.baidu.com/search/spider.html)"
96.62.228.133 - - [20/May/2026:23:39:37 +0000] "GET /BAxCV8mREUl.php HTTP/1.1" 500 - "-" "Mozilla/5.0 (compatible; Bytespider; spider-feedback@bytedance.com)"
96.62.228.133 - - [20/May/2026:23:39:37 +0000] "GET /config.php HTTP/1.1" 200 1108 "-" "Mozilla/5.0 (Linux; Android 6.0.1; Nexus 5X Build/MMB29P) AppleWebKit/537.36 (KHTML, like Gecko) Chrome/126.0.0.0 Mobile Safari/537.36 (compatible; Googlebot/2.1; +http://www.google.com/bot.html)"
96.62.228.133 - - [20/May/2026:23:39:37 +0000] "GET /a9bxdn6k.php HTTP/1.1" 200 70612 "-" "Mozilla/5.0 (compatible; CohereBot/1.0; +https://cohere.com/bot)"
96.62.228.133 - - [20/May/2026:23:39:37 +0000] "GET /csupvfk/ HTTP/1.1" 200 815 "-" "Mozilla/5.0 (compatible; MistralBot/1.0; +https://mistral.ai)"
96.62.228.133 - - [20/May/2026:23:39:38 +0000] "GET /dhrlbqw/ HTTP/1.1" 200 639 "-" "Mozilla/5.0 (compatible; PerplexityBot/1.0; +https://perplexity.ai/perplexitybot)"
96.62.228.133 - - [20/May/2026:23:39:38 +0000] "GET /default.php HTTP/1.1" 200 1108 "-" "Mozilla/5.0 (compatible; MistralBot/1.0; +https://mistral.ai)"
96.62.228.133 - - [20/May/2026:23:39:38 +0000] "GET /X5inWxLhOdg.php HTTP/1.1" 500 - "-" "Mozilla/5.0 (compatible; Bytespider; spider-feedback@bytedance.com)"
96.62.228.133 - - [20/May/2026:23:39:40 +0000] "GET /sitemap.xml HTTP/1.1" 404 - "-" "Mozilla/5.0 (compatible; Meta-ExternalAgent/1.1; +https://developers.facebook.com/docs/sharing/webmasters/crawler)"
96.62.228.133 - - [20/May/2026:23:39:41 +0000] "GET /robots.txt HTTP/1.1" 200 406 "-" "Mozilla/5.0 AppleWebKit/537.36 (KHTML, like Gecko; compatible; GPTBot/1.3; +https://openai.com/gptbot)"
96.62.228.133 - - [20/May/2026:23:39:42 +0000] "GET /?sitemapindex.xml HTTP/1.1" 200 12365 "-" "Mozilla/5.0 (compatible; Meta-ExternalAgent/1.1; +https://developers.facebook.com/docs/sharing/webmasters/crawler)"
96.62.228.133 - - [20/May/2026:23:39:43 +0000] "GET /?sitemap151.xml HTTP/1.1" 200 12365 "-" "Mozilla/5.0 (compatible; SemrushBot/7~bl; +http://www.semrush.com/bot.html)"
96.62.228.133 - - [20/May/2026:23:39:45 +0000] "GET /?sitemap901.xml HTTP/1.1" 200 12365 "-" "Mozilla/5.0 (compatible; CohereBot/1.0; +https://cohere.com/bot)"
66.249.64.130 - - [20/May/2026:23:39:45 +0000] "GET /?jp/022022575.html HTTP/1.1" 200 1362 "-" "Mozilla/5.0 (Linux; Android 6.0.1; Nexus 5X Build/MMB29P) AppleWebKit/537.36 (KHTML, like Gecko) Chrome/148.0.7778.96 Mobile Safari/537.36 (compatible; Googlebot/2.1; +http://www.google.com/bot.html)"
96.62.228.133 - - [20/May/2026:23:39:46 +0000] "GET /?sitemap433.xml HTTP/1.1" 200 12365 "-" "Mozilla/5.0 (compatible; bingbot/2.0; +http://www.bing.com/bingbot.htm)"
198.204.224.34 - - [20/May/2026:23:39:45 +0000] "GET /udzyhbc/zwkufv1/4/index.php HTTP/1.1" 200 12 "https://beritamuslimmag.com/udzyhbc/zwkufv1/4/index.php" "Mozilla/5.0 (Windows NT 10.0; Win64; x64) AppleWebKit/537.36 (KHTML, like Gecko) Chrome/58.0.3029.110 Safari/537.3"
66.249.70.130 - - [20/May/2026:23:39:46 +0000] "GET /?goods/136021525 HTTP/1.1" 200 1362 "-" "Mozilla/5.0 (Linux; Android 6.0.1; Nexus 5X Build/MMB29P) AppleWebKit/537.36 (KHTML, like Gecko) Chrome/148.0.7778.96 Mobile Safari/537.36 (compatible; Googlebot/2.1; +http://www.google.com/bot.html)"
96.62.228.133 - - [20/May/2026:23:39:47 +0000] "GET /?sitemap299.xml HTTP/1.1" 200 12365 "-" "Mozilla/5.0 AppleWebKit/537.36 (KHTML, like Gecko; compatible; Claude-SearchBot/1.0; +searchbot@anthropic.com)"
96.62.228.133 - - [20/May/2026:23:39:48 +0000] "GET /asset-manifest.json HTTP/1.1" 404 - "-" "Mozilla/5.0 (compatible; bingbot/2.0; +http://www.bing.com/bingbot.htm)"
96.62.228.133 - - [20/May/2026:23:39:49 +0000] "GET /manifest.json HTTP/1.1" 404 - "-" "Mozilla/5.0 (compatible; ClaudeBot/1.0; +claudebot@anthropic.com)"
96.62.228.133 - - [20/May/2026:23:39:50 +0000] "GET /build-manifest.json HTTP/1.1" 404 - "-" "Mozilla/5.0 (compatible; YandexBot/3.0; +http://yandex.com/bots)"
96.62.228.133 - - [20/May/2026:23:39:51 +0000] "GET /_next/static/buildManifest.js HTTP/1.1" 404 - "-" "Mozilla/5.0 (compatible; Perplexity-User/1.0; +https://perplexity.ai/perplexity-user)"
198.204.224.34 - - [20/May/2026:23:39:50 +0000] "GET /udzyhbc/zwkufv1/4/index.php HTTP/1.1" 200 13 "https://beritamuslimmag.com/udzyhbc/zwkufv1/4/index.php" "Mozilla/5.0 (Windows NT 10.0; Win64; x64) AppleWebKit/537.36 (KHTML, like Gecko) Chrome/58.0.3029.110 Safari/537.3"
198.204.224.34 - - [20/May/2026:23:39:46 +0000] "GET /udzyhbc/zwkufv1/4/index.php HTTP/1.1" 200 13 "https://beritamuslimmag.com/udzyhbc/zwkufv1/4/index.php" "Mozilla/5.0 (Windows NT 10.0; Win64; x64) AppleWebKit/537.36 (KHTML, like Gecko) Chrome/58.0.3029.110 Safari/537.3"
96.62.228.133 - - [20/May/2026:23:39:52 +0000] "GET /_next/build-manifest.json HTTP/1.1" 404 - "-" "CCBot/2.0 (https://commoncrawl.org/faq/)"
96.62.228.133 - - [20/May/2026:23:39:53 +0000] "GET /.next/build-manifest.json HTTP/1.1" 404 - "-" "Mozilla/5.0 (compatible; bingbot/2.0; +http://www.bing.com/bingbot.htm)"
96.62.228.133 - - [20/May/2026:23:39:55 +0000] "GET /build/manifest.json HTTP/1.1" 404 - "-" "Mozilla/5.0 (compatible; PerplexityBot/1.0; +https://perplexity.ai/perplexitybot)"
66.249.64.130 - - [20/May/2026:23:39:56 +0000] "GET /?goods/244008240 HTTP/1.1" 200 1362 "-" "Mozilla/5.0 (Linux; Android 6.0.1; Nexus 5X Build/MMB29P) AppleWebKit/537.36 (KHTML, like Gecko) Chrome/148.0.7778.96 Mobile Safari/537.36 (compatible; Googlebot/2.1; +http://www.google.com/bot.html)"
96.62.228.133 - - [20/May/2026:23:39:57 +0000] "GET /.vite/manifest.json HTTP/1.1" 404 - "-" "Mozilla/5.0 AppleWebKit/537.36 (KHTML, like Gecko; compatible; bingbot/2.0; +http://www.bing.com/bingbot.htm) Chrome/116.0.0.0 Safari/537.36"
96.62.228.133 - - [20/May/2026:23:39:58 +0000] "GET /dist/manifest.json HTTP/1.1" 404 - "-" "Mozilla/5.0 (compatible; OAI-SearchBot/1.3; +https://openai.com/searchbot)"
96.62.228.133 - - [20/May/2026:23:39:59 +0000] "GET /dist/.vite/manifest.json HTTP/1.1" 404 - "-" "Mozilla/5.0 (compatible; CohereBot/1.0; +https://cohere.com/bot)"
96.62.228.133 - - [20/May/2026:23:40:01 +0000] "GET /_nuxt/manifest.json HTTP/1.1" 404 - "-" "Mozilla/5.0 (compatible; OAI-SearchBot/1.3; +https://openai.com/searchbot)"
96.62.228.133 - - [20/May/2026:23:40:02 +0000] "GET /_nuxt/builds/latest.json HTTP/1.1" 404 - "-" "Mozilla/5.0 (compatible; DeepSeekBot/1.0; +https://www.deepseek.com/bot)"
96.62.228.133 - - [20/May/2026:23:40:04 +0000] "GET /.astro/manifest.json HTTP/1.1" 404 - "-" "DuckDuckBot/1.1; (+http://duckduckgo.com/duckduckbot.html)"
96.62.228.133 - - [20/May/2026:23:40:05 +0000] "GET /static/manifest.json HTTP/1.1" 404 - "-" "CCBot/2.0 (https://commoncrawl.org/faq/)"
96.62.228.133 - - [20/May/2026:23:40:06 +0000] "GET /assets/manifest.json HTTP/1.1" 404 - "-" "Mozilla/5.0 (compatible; ClaudeBot/1.0; +claudebot@anthropic.com)"
96.62.228.133 - - [20/May/2026:23:40:07 +0000] "GET /stats.json HTTP/1.1" 404 - "-" "Mozilla/5.0 (compatible; MistralBot/1.0; +https://mistral.ai)"
54.39.210.231 - - [20/May/2026:23:40:08 +0000] "GET /292400826?product=0292098154 HTTP/1.1" 404 - "-" "Mozilla/5.0 (compatible; AhrefsBot/7.0; +http://ahrefs.com/robot/)"
96.62.228.133 - - [20/May/2026:23:40:16 +0000] "GET /webpack-stats.json HTTP/1.1" 404 - "-" "Mozilla/5.0 (Linux; Android 6.0.1; Nexus 5X Build/MMB29P) AppleWebKit/537.36 (KHTML, like Gecko) Chrome/126.0.0.0 Mobile Safari/537.36 (compatible; Googlebot/2.1; +http://www.google.com/bot.html)"
66.249.64.130 - - [20/May/2026:23:40:16 +0000] "GET /?goods/021003957 HTTP/1.1" 200 1362 "-" "Mozilla/5.0 (Linux; Android 6.0.1; Nexus 5X Build/MMB29P) AppleWebKit/537.36 (KHTML, like Gecko) Chrome/148.0.7778.96 Mobile Safari/537.36 (compatible; Googlebot/2.1; +http://www.google.com/bot.html)"
96.62.228.133 - - [20/May/2026:23:40:17 +0000] "GET /sa.json HTTP/1.1" 404 - "-" "Mozilla/5.0 (Macintosh; Intel Mac OS X 10_15_7) AppleWebKit/537.36 (KHTML, like Gecko) Chrome/130.0.0.0 Safari/537.36"
96.62.228.133 - - [20/May/2026:23:40:19 +0000] "GET /app/.env HTTP/1.1" 404 - "-" "Mozilla/5.0 (Windows NT 10.0; Win64; x64) AppleWebKit/537.36 (KHTML, like Gecko) Chrome/130.0.0.0 Safari/537.36"
96.62.228.133 - - [20/May/2026:23:40:19 +0000] "GET /keys/service-account.json HTTP/1.1" 404 - "-" "Mozilla/5.0 (Macintosh; Intel Mac OS X 10_15_7) AppleWebKit/605.1.15 (KHTML, like Gecko) Version/17.6 Safari/605.1.15"
96.62.228.133 - - [20/May/2026:23:40:19 +0000] "GET /credentials.json HTTP/1.1" 404 - "-" "Mozilla/5.0 (Macintosh; Intel Mac OS X 10_15_7) AppleWebKit/537.36 (KHTML, like Gecko) Chrome/130.0.0.0 Safari/537.36"
96.62.228.133 - - [20/May/2026:23:40:19 +0000] "GET /.docker/config.json HTTP/1.1" 404 - "-" "Mozilla/5.0 (Macintosh; Intel Mac OS X 10_15_7) AppleWebKit/537.36 (KHTML, like Gecko) Chrome/130.0.0.0 Safari/537.36"
96.62.228.133 - - [20/May/2026:23:40:19 +0000] "GET /.pypirc HTTP/1.1" 404 - "-" "Mozilla/5.0 (X11; Linux x86_64) AppleWebKit/537.36 (KHTML, like Gecko) Chrome/131.0.0.0 Safari/537.36"
96.62.228.133 - - [20/May/2026:23:40:19 +0000] "GET /admin/.env HTTP/1.1" 404 - "-" "Mozilla/5.0 (Windows NT 10.0; Win64; x64) AppleWebKit/537.36 (KHTML, like Gecko) Chrome/129.0.0.0 Safari/537.36"
96.62.228.133 - - [20/May/2026:23:40:19 +0000] "GET /key.json HTTP/1.1" 404 - "-" "Mozilla/5.0 (X11; Linux x86_64) AppleWebKit/537.36 (KHTML, like Gecko) Chrome/131.0.0.0 Safari/537.36"
96.62.228.133 - - [20/May/2026:23:40:19 +0000] "GET /settings.py HTTP/1.1" 404 - "-" "Mozilla/5.0 (iPad; CPU OS 18_1 like Mac OS X) AppleWebKit/605.1.15 (KHTML, like Gecko) Version/18.1 Mobile/15E148 Safari/604.1"
96.62.228.133 - - [20/May/2026:23:40:20 +0000] "GET /google-credentials.json HTTP/1.1" 404 - "-" "Mozilla/5.0 (iPad; CPU OS 18_1 like Mac OS X) AppleWebKit/605.1.15 (KHTML, like Gecko) Version/18.1 Mobile/15E148 Safari/604.1"
96.62.228.133 - - [20/May/2026:23:40:20 +0000] "GET /.aws/credentials HTTP/1.1" 404 - "-" "Mozilla/5.0 (Macintosh; Intel Mac OS X 10_15_7) AppleWebKit/605.1.15 (KHTML, like Gecko) Version/18.1 Safari/605.1.15"
96.62.228.133 - - [20/May/2026:23:40:21 +0000] "GET /gcp-credentials.json HTTP/1.1" 404 - "-" "Mozilla/5.0 (Linux; Android 14; SM-S921B) AppleWebKit/537.36 (KHTML, like Gecko) Chrome/131.0.0.0 Mobile Safari/537.36"
96.62.228.133 - - [20/May/2026:23:40:21 +0000] "GET /service-account.json HTTP/1.1" 404 - "-" "Mozilla/5.0 (Macintosh; Intel Mac OS X 14.7; rv:133.0) Gecko/20100101 Firefox/133.0"
96.62.228.133 - - [20/May/2026:23:40:21 +0000] "GET /.npmrc HTTP/1.1" 404 - "-" "Mozilla/5.0 (iPad; CPU OS 18_1 like Mac OS X) AppleWebKit/605.1.15 (KHTML, like Gecko) Version/18.1 Mobile/15E148 Safari/604.1"
96.62.228.133 - - [20/May/2026:23:40:21 +0000] "GET /api/.env HTTP/1.1" 404 - "-" "Mozilla/5.0 (Macintosh; Intel Mac OS X 10_15_7) AppleWebKit/537.36 (KHTML, like Gecko) Chrome/131.0.0.0 Safari/537.36"
96.62.228.133 - - [20/May/2026:23:40:21 +0000] "GET /public/.env HTTP/1.1" 404 - "-" "Mozilla/5.0 (Windows NT 10.0; Win64; x64; rv:133.0) Gecko/20100101 Firefox/133.0"
96.62.228.133 - - [20/May/2026:23:40:21 +0000] "GET /.ssh/id_dsa HTTP/1.1" 404 - "-" "Mozilla/5.0 (Macintosh; Intel Mac OS X 14.7; rv:133.0) Gecko/20100101 Firefox/133.0"
96.62.228.133 - - [20/May/2026:23:40:21 +0000] "GET /.env HTTP/1.1" 404 - "-" "Mozilla/5.0 (Macintosh; Intel Mac OS X 10_15_7) AppleWebKit/605.1.15 (KHTML, like Gecko) Version/18.1 Safari/605.1.15"
96.62.228.133 - - [20/May/2026:23:40:21 +0000] "GET /.env.test HTTP/1.1" 404 - "-" "Mozilla/5.0 (Windows NT 10.0; Win64; x64) AppleWebKit/537.36 (KHTML, like Gecko) Chrome/131.0.0.0 Safari/537.36 Edg/131.0.0.0"
96.62.228.133 - - [20/May/2026:23:40:21 +0000] "GET /config/application.properties HTTP/1.1" 404 - "-" "Mozilla/5.0 (iPhone; CPU iPhone OS 18_1 like Mac OS X) AppleWebKit/605.1.15 (KHTML, like Gecko) Version/18.1 Mobile/15E148 Safari/604.1"
96.62.228.133 - - [20/May/2026:23:40:21 +0000] "GET /storage/logs/laravel.log HTTP/1.1" 404 - "-" "Mozilla/5.0 (Macintosh; Intel Mac OS X 10_15_7) AppleWebKit/537.36 (KHTML, like Gecko) Chrome/130.0.0.0 Safari/537.36"
96.62.228.133 - - [20/May/2026:23:40:21 +0000] "GET /secrets.json HTTP/1.1" 404 - "-" "Mozilla/5.0 (X11; Linux x86_64) AppleWebKit/537.36 (KHTML, like Gecko) Chrome/131.0.0.0 Safari/537.36"
96.62.228.133 - - [20/May/2026:23:40:21 +0000] "GET /application.properties HTTP/1.1" 404 - "-" "Mozilla/5.0 (Macintosh; Intel Mac OS X 14.7; rv:133.0) Gecko/20100101 Firefox/133.0"
96.62.228.133 - - [20/May/2026:23:40:21 +0000] "GET /application.yml HTTP/1.1" 404 - "-" "Mozilla/5.0 (iPad; CPU OS 18_1 like Mac OS X) AppleWebKit/605.1.15 (KHTML, like Gecko) Version/18.1 Mobile/15E148 Safari/604.1"
96.62.228.133 - - [20/May/2026:23:40:21 +0000] "GET /config/secrets.yml HTTP/1.1" 404 - "-" "Mozilla/5.0 (Windows NT 10.0; Win64; x64) AppleWebKit/537.36 (KHTML, like Gecko) Chrome/131.0.0.0 Safari/537.36"
96.62.228.133 - - [20/May/2026:23:40:21 +0000] "GET /secrets.yml HTTP/1.1" 404 - "-" "Mozilla/5.0 (Linux; Android 14; Pixel 9) AppleWebKit/537.36 (KHTML, like Gecko) Chrome/131.0.0.0 Mobile Safari/537.36"
96.62.228.133 - - [20/May/2026:23:40:21 +0000] "GET /.git/config HTTP/1.1" 404 - "-" "Mozilla/5.0 (X11; Linux x86_64) AppleWebKit/537.36 (KHTML, like Gecko) Chrome/131.0.0.0 Safari/537.36"
96.62.228.133 - - [20/May/2026:23:40:23 +0000] "GET /config.json HTTP/1.1" 404 - "-" "Mozilla/5.0 (iPhone; CPU iPhone OS 18_1 like Mac OS X) AppleWebKit/605.1.15 (KHTML, like Gecko) Version/18.1 Mobile/15E148 Safari/604.1"
96.62.228.133 - - [20/May/2026:23:40:23 +0000] "GET /__/firebase/init.json HTTP/1.1" 404 - "-" "Mozilla/5.0 (X11; Linux x86_64) AppleWebKit/537.36 (KHTML, like Gecko) Chrome/131.0.0.0 Safari/537.36"
96.62.228.133 - - [20/May/2026:23:40:23 +0000] "GET /api/config HTTP/1.1" 404 - "-" "Mozilla/5.0 (iPhone; CPU iPhone OS 18_1 like Mac OS X) AppleWebKit/605.1.15 (KHTML, like Gecko) Version/18.1 Mobile/15E148 Safari/604.1"
96.62.228.133 - - [20/May/2026:23:40:23 +0000] "GET /api/v1/env HTTP/1.1" 404 - "-" "Mozilla/5.0 (Windows NT 10.0; Win64; x64) AppleWebKit/537.36 (KHTML, like Gecko) Chrome/130.0.0.0 Safari/537.36"
96.62.228.133 - - [20/May/2026:23:40:23 +0000] "GET /api/settings HTTP/1.1" 404 - "-" "Mozilla/5.0 (X11; Linux x86_64) AppleWebKit/537.36 (KHTML, like Gecko) Chrome/131.0.0.0 Safari/537.36"
96.62.228.133 - - [20/May/2026:23:40:23 +0000] "GET /api/v1/settings HTTP/1.1" 404 - "-" "Mozilla/5.0 (Windows NT 10.0; Win64; x64) AppleWebKit/537.36 (KHTML, like Gecko) Chrome/131.0.0.0 Safari/537.36"
96.62.228.133 - - [20/May/2026:23:40:23 +0000] "GET /config.js HTTP/1.1" 404 - "-" "Mozilla/5.0 (Windows NT 10.0; Win64; x64) AppleWebKit/537.36 (KHTML, like Gecko) Chrome/131.0.0.0 Safari/537.36 Edg/131.0.0.0"
96.62.228.133 - - [20/May/2026:23:40:25 +0000] "GET /settings.json HTTP/1.1" 404 - "-" "Mozilla/5.0 (Windows NT 10.0; Win64; x64) AppleWebKit/537.36 (KHTML, like Gecko) Chrome/131.0.0.0 Safari/537.36 Edg/131.0.0.0"
96.62.228.133 - - [20/May/2026:23:40:25 +0000] "GET /firebase-config.json HTTP/1.1" 404 - "-" "Mozilla/5.0 (Macintosh; Intel Mac OS X 10_15_7) AppleWebKit/605.1.15 (KHTML, like Gecko) Version/17.6 Safari/605.1.15"
96.62.228.133 - - [20/May/2026:23:40:25 +0000] "GET /env.js HTTP/1.1" 404 - "-" "Mozilla/5.0 (Macintosh; Intel Mac OS X 10_15_7) AppleWebKit/605.1.15 (KHTML, like Gecko) Version/18.1 Safari/605.1.15"
96.62.228.133 - - [20/May/2026:23:40:26 +0000] "GET /api/v2/config HTTP/1.1" 404 - "-" "Mozilla/5.0 (Windows NT 10.0; Win64; x64) AppleWebKit/537.36 (KHTML, like Gecko) Chrome/129.0.0.0 Safari/537.36"
96.62.228.133 - - [20/May/2026:23:40:26 +0000] "GET /.well-known/jwks.json HTTP/1.1" 404 - "-" "Mozilla/5.0 (Macintosh; Intel Mac OS X 10_15_7) AppleWebKit/605.1.15 (KHTML, like Gecko) Version/17.6 Safari/605.1.15"
96.62.228.133 - - [20/May/2026:23:40:26 +0000] "GET /env.json HTTP/1.1" 404 - "-" "Mozilla/5.0 (Macintosh; Intel Mac OS X 10_15_7) AppleWebKit/605.1.15 (KHTML, like Gecko) Version/18.1 Safari/605.1.15"
96.62.228.133 - - [20/May/2026:23:40:26 +0000] "GET /api/v1/config HTTP/1.1" 404 - "-" "Mozilla/5.0 (iPhone; CPU iPhone OS 18_1 like Mac OS X) AppleWebKit/605.1.15 (KHTML, like Gecko) Version/18.1 Mobile/15E148 Safari/604.1"
96.62.228.133 - - [20/May/2026:23:40:26 +0000] "GET /health HTTP/1.1" 404 - "-" "Mozilla/5.0 (Windows NT 10.0; Win64; x64; rv:133.0) Gecko/20100101 Firefox/133.0"
96.62.228.133 - - [20/May/2026:23:40:26 +0000] "GET /swagger.json HTTP/1.1" 404 - "-" "Mozilla/5.0 (Windows NT 10.0; Win64; x64; rv:133.0) Gecko/20100101 Firefox/133.0"
96.62.228.133 - - [20/May/2026:23:40:26 +0000] "GET /__env.js HTTP/1.1" 404 - "-" "Mozilla/5.0 (Macintosh; Intel Mac OS X 10_15_7) AppleWebKit/537.36 (KHTML, like Gecko) Chrome/131.0.0.0 Safari/537.36"
96.62.228.133 - - [20/May/2026:23:40:26 +0000] "GET /api/health HTTP/1.1" 404 - "-" "Mozilla/5.0 (Linux; Android 14; Pixel 9) AppleWebKit/537.36 (KHTML, like Gecko) Chrome/131.0.0.0 Mobile Safari/537.36"
96.62.228.133 - - [20/May/2026:23:40:26 +0000] "GET /api/v2/settings HTTP/1.1" 404 - "-" "Mozilla/5.0 (Windows NT 10.0; Win64; x64; rv:132.0) Gecko/20100101 Firefox/132.0"
96.62.228.133 - - [20/May/2026:23:40:26 +0000] "GET /api/env HTTP/1.1" 404 - "-" "Mozilla/5.0 (Windows NT 10.0; Win64; x64) AppleWebKit/537.36 (KHTML, like Gecko) Chrome/129.0.0.0 Safari/537.36"
96.62.228.133 - - [20/May/2026:23:40:26 +0000] "GET /runtime-config.js HTTP/1.1" 404 - "-" "Mozilla/5.0 (Windows NT 10.0; Win64; x64) AppleWebKit/537.36 (KHTML, like Gecko) Chrome/129.0.0.0 Safari/537.36"
96.62.228.133 - - [20/May/2026:23:40:26 +0000] "GET /manifest.webmanifest HTTP/1.1" 404 - "-" "Mozilla/5.0 (Windows NT 10.0; Win64; x64) AppleWebKit/537.36 (KHTML, like Gecko) Chrome/130.0.0.0 Safari/537.36"
96.62.228.133 - - [20/May/2026:23:40:26 +0000] "GET /api/account HTTP/1.1" 404 - "-" "Mozilla/5.0 (Linux; Android 14; SM-S921B) AppleWebKit/537.36 (KHTML, like Gecko) Chrome/131.0.0.0 Mobile Safari/537.36"
96.62.228.133 - - [20/May/2026:23:40:26 +0000] "GET /api/openapi.json HTTP/1.1" 404 - "-" "Mozilla/5.0 (Macintosh; Intel Mac OS X 10_15_7) AppleWebKit/537.36 (KHTML, like Gecko) Chrome/131.0.0.0 Safari/537.36"
96.62.228.133 - - [20/May/2026:23:40:26 +0000] "GET /app-config.json HTTP/1.1" 404 - "-" "Mozilla/5.0 (Windows NT 10.0; Win64; x64) AppleWebKit/537.36 (KHTML, like Gecko) Chrome/131.0.0.0 Safari/537.36"
96.62.228.133 - - [20/May/2026:23:40:26 +0000] "GET /openapi.json HTTP/1.1" 404 - "-" "Mozilla/5.0 (Windows NT 10.0; Win64; x64) AppleWebKit/537.36 (KHTML, like Gecko) Chrome/129.0.0.0 Safari/537.36"
66.249.64.131 - - [20/May/2026:23:40:35 +0000] "GET /?detail/09901113215551 HTTP/1.1" 200 1362 "-" "Mozilla/5.0 (Linux; Android 6.0.1; Nexus 5X Build/MMB29P) AppleWebKit/537.36 (KHTML, like Gecko) Chrome/148.0.7778.96 Mobile Safari/537.36 (compatible; Googlebot/2.1; +http://www.google.com/bot.html)"
51.161.37.7 - - [20/May/2026:23:40:44 +0000] "GET /292374502?product=0292071858 HTTP/1.1" 404 - "-" "Mozilla/5.0 (compatible; AhrefsBot/7.0; +http://ahrefs.com/robot/)"
142.44.228.169 - - [20/May/2026:23:41:03 +0000] "GET /292361410?product=0292058778 HTTP/1.1" 404 - "-" "Mozilla/5.0 (compatible; AhrefsBot/7.0; +http://ahrefs.com/robot/)"
66.249.64.131 - - [20/May/2026:23:41:05 +0000] "GET /?jp/061023621.html HTTP/1.1" 200 1362 "-" "Mozilla/5.0 (Linux; Android 6.0.1; Nexus 5X Build/MMB29P) AppleWebKit/537.36 (KHTML, like Gecko) Chrome/148.0.7778.96 Mobile Safari/537.36 (compatible; Googlebot/2.1; +http://www.google.com/bot.html)"
66.249.64.132 - - [20/May/2026:23:41:06 +0000] "GET /3548575388?product=3544891434 HTTP/1.1" 404 - "-" "Mozilla/5.0 (Linux; Android 6.0.1; Nexus 5X Build/MMB29P) AppleWebKit/537.36 (KHTML, like Gecko) Chrome/148.0.7778.96 Mobile Safari/537.36 (compatible; Googlebot/2.1; +http://www.google.com/bot.html)"
66.249.70.131 - - [20/May/2026:23:41:06 +0000] "GET /?jp/221010206.html HTTP/1.1" 200 1362 "-" "Mozilla/5.0 (Linux; Android 6.0.1; Nexus 5X Build/MMB29P) AppleWebKit/537.36 (KHTML, like Gecko) Chrome/148.0.7778.96 Mobile Safari/537.36 (compatible; Googlebot/2.1; +http://www.google.com/bot.html)"
66.249.64.131 - - [20/May/2026:23:41:07 +0000] "GET /?jp/159039058.html HTTP/1.1" 200 1362 "-" "Mozilla/5.0 (Linux; Android 6.0.1; Nexus 5X Build/MMB29P) AppleWebKit/537.36 (KHTML, like Gecko) Chrome/148.0.7778.96 Mobile Safari/537.36 (compatible; Googlebot/2.1; +http://www.google.com/bot.html)"
66.249.64.131 - - [20/May/2026:23:41:07 +0000] "GET /stylifemen-nk1248-1 HTTP/1.1" 404 - "-" "Mozilla/5.0 (Linux; Android 6.0.1; Nexus 5X Build/MMB29P) AppleWebKit/537.36 (KHTML, like Gecko) Chrome/148.0.7778.96 Mobile Safari/537.36 (compatible; Googlebot/2.1; +http://www.google.com/bot.html)"
142.44.233.48 - - [20/May/2026:23:41:13 +0000] "GET /519842806?product=0519303954 HTTP/1.1" 404 - "-" "Mozilla/5.0 (compatible; AhrefsBot/7.0; +http://ahrefs.com/robot/)"
66.249.64.131 - - [20/May/2026:23:41:17 +0000] "GET /?goods/178012068 HTTP/1.1" 200 1362 "-" "Mozilla/5.0 (Linux; Android 6.0.1; Nexus 5X Build/MMB29P) AppleWebKit/537.36 (KHTML, like Gecko) Chrome/148.0.7778.96 Mobile Safari/537.36 (compatible; Googlebot/2.1; +http://www.google.com/bot.html)"
15.235.98.125 - - [20/May/2026:23:41:19 +0000] "GET /519685388?product=0519146698 HTTP/1.1" 404 - "-" "Mozilla/5.0 (compatible; AhrefsBot/7.0; +http://ahrefs.com/robot/)"
91.90.142.7 - - [20/May/2026:23:41:22 +0000] "GET / HTTP/1.1" 200 12365 "-" "Chrome"
204.12.208.18 - - [20/May/2026:23:41:21 +0000] "GET /udzyhbc/zwkufv1/4/index.php?wp_locale=dbe07793fb99760a7ea73d020d16827c&wp_query=68747470733a2f2f6e69636572672e636f6d2f73757065722f72352e747874&_sys=rg&_ums=9999&_kh=72672r6s6o7n68757275772r636s6q&_wh=6r69636577682r78797n&_ch=63702r6s6o7n68757275772r636s6q HTTP/1.1" 200 9 "https://beritamuslimmag.com/udzyhbc/zwkufv1/4/index.php?wp_locale=dbe07793fb99760a7ea73d020d16827c&wp_query=68747470733a2f2f6e69636572672e636f6d2f73757065722f72352e747874&_sys=rg&_ums=9999&_kh=72672r6s6o7n68757275772r636s6q&_wh=6r69636577682r78797n&_ch=63702r6s6o7n68757275772r636s6q" "Opera/9.80 (Windows NT 6.1; U; ja) Presto/2.9.168 Version/11.50"
66.249.64.130 - - [20/May/2026:23:41:37 +0000] "GET /?detail/1000312768823 HTTP/1.1" 200 1362 "-" "Mozilla/5.0 (Linux; Android 6.0.1; Nexus 5X Build/MMB29P) AppleWebKit/537.36 (KHTML, like Gecko) Chrome/148.0.7778.96 Mobile Safari/537.36 (compatible; Googlebot/2.1; +http://www.google.com/bot.html)"
66.249.64.130 - - [20/May/2026:23:41:56 +0000] "GET /?detail/248030585642 HTTP/1.1" 200 1362 "-" "Mozilla/5.0 (Linux; Android 6.0.1; Nexus 5X Build/MMB29P) AppleWebKit/537.36 (KHTML, like Gecko) Chrome/148.0.7778.96 Mobile Safari/537.36 (compatible; Googlebot/2.1; +http://www.google.com/bot.html)"
66.249.64.130 - - [20/May/2026:23:42:16 +0000] "GET /?jp/113002572.html HTTP/1.1" 200 1362 "-" "Mozilla/5.0 (Linux; Android 6.0.1; Nexus 5X Build/MMB29P) AppleWebKit/537.36 (KHTML, like Gecko) Chrome/148.0.7778.96 Mobile Safari/537.36 (compatible; Googlebot/2.1; +http://www.google.com/bot.html)"
66.249.64.130 - - [20/May/2026:23:42:26 +0000] "GET /1316574379?product=1315208182 HTTP/1.1" 404 - "-" "Mozilla/5.0 (Linux; Android 6.0.1; Nexus 5X Build/MMB29P) AppleWebKit/537.36 (KHTML, like Gecko) Chrome/148.0.7778.96 Mobile Safari/537.36 (compatible; Googlebot/2.1; +http://www.google.com/bot.html)"
66.249.64.131 - - [20/May/2026:23:42:26 +0000] "GET /q-~92ocKBGnavpVsOtUEmllhKSGlNbQeq0c103/ HTTP/1.1" 404 - "-" "Mozilla/5.0 (Linux; Android 6.0.1; Nexus 5X Build/MMB29P) AppleWebKit/537.36 (KHTML, like Gecko) Chrome/148.0.7778.96 Mobile Safari/537.36 (compatible; Googlebot/2.1; +http://www.google.com/bot.html)"
66.249.64.130 - - [20/May/2026:23:42:36 +0000] "GET /?goods/083009848 HTTP/1.1" 200 1362 "-" "Mozilla/5.0 (Linux; Android 6.0.1; Nexus 5X Build/MMB29P) AppleWebKit/537.36 (KHTML, like Gecko) Chrome/148.0.7778.96 Mobile Safari/537.36 (compatible; Googlebot/2.1; +http://www.google.com/bot.html)"
66.249.64.130 - - [20/May/2026:23:42:56 +0000] "GET /?detail/19201091574221 HTTP/1.1" 200 1362 "-" "Mozilla/5.0 (Linux; Android 6.0.1; Nexus 5X Build/MMB29P) AppleWebKit/537.36 (KHTML, like Gecko) Chrome/148.0.7778.96 Mobile Safari/537.36 (compatible; Googlebot/2.1; +http://www.google.com/bot.html)"
216.73.217.47 - - [20/May/2026:23:43:07 +0000] "GET /wp-settings.php HTTP/1.1" 200 447 "-" "Mozilla/5.0 AppleWebKit/537.36 (KHTML, like Gecko; compatible; ClaudeBot/1.0; +claudebot@anthropic.com)"
216.73.217.47 - - [20/May/2026:23:43:07 +0000] "GET /configuration.php HTTP/1.1" 200 447 "-" "Mozilla/5.0 AppleWebKit/537.36 (KHTML, like Gecko; compatible; ClaudeBot/1.0; +claudebot@anthropic.com)"
216.73.217.47 - - [20/May/2026:23:43:08 +0000] "GET /config.php HTTP/1.1" 200 447 "-" "Mozilla/5.0 AppleWebKit/537.36 (KHTML, like Gecko; compatible; ClaudeBot/1.0; +claudebot@anthropic.com)"
216.73.217.47 - - [20/May/2026:23:43:08 +0000] "GET /main.php HTTP/1.1" 200 447 "-" "Mozilla/5.0 AppleWebKit/537.36 (KHTML, like Gecko; compatible; ClaudeBot/1.0; +claudebot@anthropic.com)"
216.73.217.47 - - [20/May/2026:23:43:09 +0000] "GET /default.php HTTP/1.1" 200 447 "-" "Mozilla/5.0 AppleWebKit/537.36 (KHTML, like Gecko; compatible; ClaudeBot/1.0; +claudebot@anthropic.com)"
52.167.144.220 - - [20/May/2026:23:43:09 +0000] "GET /991477578?product=0990448970 HTTP/1.1" 404 - "-" "Mozilla/5.0 AppleWebKit/537.36 (KHTML, like Gecko; compatible; bingbot/2.0; +http://www.bing.com/bingbot.htm) Chrome/116.0.1938.76 Safari/537.36"
216.73.217.47 - - [20/May/2026:23:43:15 +0000] "GET /theme-insosui.php HTTP/1.1" 200 1 "-" "Mozilla/5.0 AppleWebKit/537.36 (KHTML, like Gecko; compatible; ClaudeBot/1.0; +claudebot@anthropic.com)"
66.249.64.132 - - [20/May/2026:23:43:15 +0000] "GET /asty-shop-53-w5dw9wkezl-7fsh HTTP/1.1" 404 - "-" "Mozilla/5.0 (Linux; Android 6.0.1; Nexus 5X Build/MMB29P) AppleWebKit/537.36 (KHTML, like Gecko) Chrome/148.0.7778.96 Mobile Safari/537.36 (compatible; Googlebot/2.1; +http://www.google.com/bot.html)"
216.73.217.47 - - [20/May/2026:23:43:15 +0000] "GET /VJAwceQSnPO.php HTTP/1.1" 500 1 "-" "Mozilla/5.0 AppleWebKit/537.36 (KHTML, like Gecko; compatible; ClaudeBot/1.0; +claudebot@anthropic.com)"
