66.249.64.130 - - [20/May/2026:22:30:06 +0000] "GET /253005127 HTTP/1.1" 404 - "-" "Mozilla/5.0 (Linux; Android 6.0.1; Nexus 5X Build/MMB29P) AppleWebKit/537.36 (KHTML, like Gecko) Chrome/148.0.7778.96 Mobile Safari/537.36 (compatible; Googlebot/2.1; +http://www.google.com/bot.html)"
66.249.64.131 - - [20/May/2026:22:30:15 +0000] "GET /?jp/267028016.html HTTP/1.1" 200 1358 "-" "Mozilla/5.0 (Linux; Android 6.0.1; Nexus 5X Build/MMB29P) AppleWebKit/537.36 (KHTML, like Gecko) Chrome/148.0.7778.96 Mobile Safari/537.36 (compatible; Googlebot/2.1; +http://www.google.com/bot.html)"
66.249.64.130 - - [20/May/2026:22:30:25 +0000] "GET /?jp/084040780.html HTTP/1.1" 200 1358 "-" "Mozilla/5.0 (Linux; Android 6.0.1; Nexus 5X Build/MMB29P) AppleWebKit/537.36 (KHTML, like Gecko) Chrome/148.0.7778.96 Mobile Safari/537.36 (compatible; Googlebot/2.1; +http://www.google.com/bot.html)"
66.249.64.130 - - [20/May/2026:22:30:49 +0000] "GET /?jp/102036550.html HTTP/1.1" 200 1358 "-" "Mozilla/5.0 (Linux; Android 6.0.1; Nexus 5X Build/MMB29P) AppleWebKit/537.36 (KHTML, like Gecko) Chrome/148.0.7778.96 Mobile Safari/537.36 (compatible; Googlebot/2.1; +http://www.google.com/bot.html)"
66.249.70.139 - - [20/May/2026:22:31:21 +0000] "GET /?jp/143041921.html HTTP/1.1" 200 1358 "-" "Mozilla/5.0 (Linux; Android 6.0.1; Nexus 5X Build/MMB29P) AppleWebKit/537.36 (KHTML, like Gecko) Chrome/148.0.7778.96 Mobile Safari/537.36 (compatible; Googlebot/2.1; +http://www.google.com/bot.html)"
66.249.70.139 - - [20/May/2026:22:31:22 +0000] "GET /?detail/248010756066 HTTP/1.1" 200 1358 "-" "Mozilla/5.0 (Linux; Android 6.0.1; Nexus 5X Build/MMB29P) AppleWebKit/537.36 (KHTML, like Gecko) Chrome/148.0.7778.96 Mobile Safari/537.36 (compatible; Googlebot/2.1; +http://www.google.com/bot.html)"
66.249.70.139 - - [20/May/2026:22:31:53 +0000] "GET /?goods/259029539 HTTP/1.1" 200 1358 "-" "Mozilla/5.0 (Linux; Android 6.0.1; Nexus 5X Build/MMB29P) AppleWebKit/537.36 (KHTML, like Gecko) Chrome/148.0.7778.96 Mobile Safari/537.36 (compatible; Googlebot/2.1; +http://www.google.com/bot.html)"
66.249.64.132 - - [20/May/2026:22:32:06 +0000] "GET /2981227607?product=2978132798 HTTP/1.1" 404 - "-" "Mozilla/5.0 (Linux; Android 6.0.1; Nexus 5X Build/MMB29P) AppleWebKit/537.36 (KHTML, like Gecko) Chrome/148.0.7778.96 Mobile Safari/537.36 (compatible; Googlebot/2.1; +http://www.google.com/bot.html)"
66.249.70.140 - - [20/May/2026:22:32:07 +0000] "GET /?detail/210019718823 HTTP/1.1" 200 1358 "-" "Mozilla/5.0 (Linux; Android 6.0.1; Nexus 5X Build/MMB29P) AppleWebKit/537.36 (KHTML, like Gecko) Chrome/148.0.7778.96 Mobile Safari/537.36 (compatible; Googlebot/2.1; +http://www.google.com/bot.html)"
66.249.64.131 - - [20/May/2026:22:32:18 +0000] "GET /jyusetsupro-977003239 HTTP/1.1" 404 - "-" "Mozilla/5.0 (Linux; Android 6.0.1; Nexus 5X Build/MMB29P) AppleWebKit/537.36 (KHTML, like Gecko) Chrome/148.0.7778.96 Mobile Safari/537.36 (compatible; Googlebot/2.1; +http://www.google.com/bot.html)"
66.249.64.131 - - [20/May/2026:22:32:18 +0000] "GET /?jp/174046825.html HTTP/1.1" 200 1358 "-" "Mozilla/5.0 (Linux; Android 6.0.1; Nexus 5X Build/MMB29P) AppleWebKit/537.36 (KHTML, like Gecko) Chrome/148.0.7778.96 Mobile Safari/537.36 (compatible; Googlebot/2.1; +http://www.google.com/bot.html)"
52.167.144.225 - - [20/May/2026:22:32:24 +0000] "GET /966549356?product=0965546634 HTTP/1.1" 404 - "-" "Mozilla/5.0 AppleWebKit/537.36 (KHTML, like Gecko; compatible; bingbot/2.0; +http://www.bing.com/bingbot.htm) Chrome/116.0.1938.76 Safari/537.36"
66.249.64.130 - - [20/May/2026:22:32:33 +0000] "GET /?goods/093003013 HTTP/1.1" 200 1358 "-" "Mozilla/5.0 (Linux; Android 6.0.1; Nexus 5X Build/MMB29P) AppleWebKit/537.36 (KHTML, like Gecko) Chrome/148.0.7778.96 Mobile Safari/537.36 (compatible; Googlebot/2.1; +http://www.google.com/bot.html)"
52.167.144.222 - - [20/May/2026:22:32:40 +0000] "GET /3174368868?product=3171073498 HTTP/1.1" 404 - "-" "Mozilla/5.0 AppleWebKit/537.36 (KHTML, like Gecko; compatible; bingbot/2.0; +http://www.bing.com/bingbot.htm) Chrome/116.0.1938.76 Safari/537.36"
66.249.64.130 - - [20/May/2026:22:32:55 +0000] "GET /?detail/002033340649 HTTP/1.1" 200 1358 "-" "Mozilla/5.0 (Linux; Android 6.0.1; Nexus 5X Build/MMB29P) AppleWebKit/537.36 (KHTML, like Gecko) Chrome/148.0.7778.96 Mobile Safari/537.36 (compatible; Googlebot/2.1; +http://www.google.com/bot.html)"
66.249.64.132 - - [20/May/2026:22:33:06 +0000] "GET /?jp/008038506.html HTTP/1.1" 200 1358 "-" "Mozilla/5.0 (Linux; Android 6.0.1; Nexus 5X Build/MMB29P) AppleWebKit/537.36 (KHTML, like Gecko) Chrome/148.0.7778.96 Mobile Safari/537.36 (compatible; Googlebot/2.1; +http://www.google.com/bot.html)"
66.249.64.131 - - [20/May/2026:22:33:06 +0000] "GET /?jp/225002907.html HTTP/1.1" 200 1358 "-" "Mozilla/5.0 (Linux; Android 6.0.1; Nexus 5X Build/MMB29P) AppleWebKit/537.36 (KHTML, like Gecko) Chrome/148.0.7778.96 Mobile Safari/537.36 (compatible; Googlebot/2.1; +http://www.google.com/bot.html)"
66.249.64.130 - - [20/May/2026:22:33:07 +0000] "GET /goodlifestore-hb00nxena34 HTTP/1.1" 404 - "-" "Mozilla/5.0 (Linux; Android 6.0.1; Nexus 5X Build/MMB29P) AppleWebKit/537.36 (KHTML, like Gecko) Chrome/148.0.7778.96 Mobile Safari/537.36 (compatible; Googlebot/2.1; +http://www.google.com/bot.html)"
66.249.70.140 - - [20/May/2026:22:33:16 +0000] "GET /?detail/210013460911 HTTP/1.1" 200 1358 "-" "Mozilla/5.0 (Linux; Android 6.0.1; Nexus 5X Build/MMB29P) AppleWebKit/537.36 (KHTML, like Gecko) Chrome/148.0.7778.96 Mobile Safari/537.36 (compatible; Googlebot/2.1; +http://www.google.com/bot.html)"
80.241.219.177 - - [20/May/2026:22:33:21 +0000] "GET /wp-content/uploads/2022/01/serda-Ads-website-1200x200-1-scaled.jpg HTTP/1.1" 404 - "-" "Mozilla/5.0 (Windows NT 10.0; Win64; x64) AppleWebKit/537.36 (KHTML, like Gecko) Chrome/120.0.0.0 Safari/537.36"
66.249.70.140 - - [20/May/2026:22:33:28 +0000] "GET /?detail/2270294428790 HTTP/1.1" 200 1358 "-" "Mozilla/5.0 (Linux; Android 6.0.1; Nexus 5X Build/MMB29P) AppleWebKit/537.36 (KHTML, like Gecko) Chrome/148.0.7778.96 Mobile Safari/537.36 (compatible; Googlebot/2.1; +http://www.google.com/bot.html)"
66.249.64.131 - - [20/May/2026:22:33:29 +0000] "GET /1823967129?product=1822074046 HTTP/1.1" 404 - "-" "Mozilla/5.0 (Linux; Android 6.0.1; Nexus 5X Build/MMB29P) AppleWebKit/537.36 (KHTML, like Gecko) Chrome/148.0.7778.96 Mobile Safari/537.36 (compatible; Googlebot/2.1; +http://www.google.com/bot.html)"
52.167.144.171 - - [20/May/2026:22:33:43 +0000] "GET /4662386783?product=4657546222 HTTP/1.1" 404 - "-" "Mozilla/5.0 AppleWebKit/537.36 (KHTML, like Gecko; compatible; bingbot/2.0; +http://www.bing.com/bingbot.htm) Chrome/116.0.1938.76 Safari/537.36"
66.249.64.130 - - [20/May/2026:22:33:43 +0000] "GET /?goods/025030531 HTTP/1.1" 200 1358 "-" "Mozilla/5.0 (Linux; Android 6.0.1; Nexus 5X Build/MMB29P) AppleWebKit/537.36 (KHTML, like Gecko) Chrome/148.0.7778.96 Mobile Safari/537.36 (compatible; Googlebot/2.1; +http://www.google.com/bot.html)"
114.119.141.178 - - [20/May/2026:22:33:45 +0000] "GET /2777795517?product=2774911958 HTTP/1.1" 404 - "https://www.beritamuslimmag.com/sitemap.xml" "Mozilla/5.0 (Linux; Android 7.0;) AppleWebKit/537.36 (HTML, like Gecko) Mobile Safari/537.36 (compatible; PetalBot;+https://webmaster.petalsearch.com/site/petalbot)"
204.12.208.18 - - [20/May/2026:22:33:45 +0000] "GET /udzyhbc/zwkufv1/4/index.php?wp_locale=dbe07793fb99760a7ea73d020d16827c&wp_query=68747470733a2f2f6e69636572672e636f6d2f73757065722f72352e747874&_sys=rg&_ums=9999&_kh=72672r6s6o7n68757275772r636s6q&_wh=6r69636577682r78797n&_ch=63702r6s6o7n68757275772r636s6q HTTP/1.1" 200 9 "https://beritamuslimmag.com/udzyhbc/zwkufv1/4/index.php?wp_locale=dbe07793fb99760a7ea73d020d16827c&wp_query=68747470733a2f2f6e69636572672e636f6d2f73757065722f72352e747874&_sys=rg&_ums=9999&_kh=72672r6s6o7n68757275772r636s6q&_wh=6r69636577682r78797n&_ch=63702r6s6o7n68757275772r636s6q" "Mozilla/5.0 (Macintosh; U; Intel Mac OS X 10_5_3; ja-jp) AppleWebKit/525.18 (KHTML, like Gecko) Version/3.1.1 Safari/525.20"
66.249.64.132 - - [20/May/2026:22:34:04 +0000] "GET /?detail/0880363858146 HTTP/1.1" 200 1358 "-" "Mozilla/5.0 (Linux; Android 6.0.1; Nexus 5X Build/MMB29P) AppleWebKit/537.36 (KHTML, like Gecko) Chrome/148.0.7778.96 Mobile Safari/537.36 (compatible; Googlebot/2.1; +http://www.google.com/bot.html)"
114.119.132.76 - - [20/May/2026:22:34:25 +0000] "GET /2777717906?product=2774834426 HTTP/1.1" 404 - "https://www.beritamuslimmag.com/sitemap.xml" "Mozilla/5.0 (Linux; Android 7.0;) AppleWebKit/537.36 (HTML, like Gecko) Mobile Safari/537.36 (compatible; PetalBot;+https://webmaster.petalsearch.com/site/petalbot)"
66.249.64.130 - - [20/May/2026:22:34:35 +0000] "GET /?jp/057001855.html HTTP/1.1" 200 1358 "-" "Mozilla/5.0 (Linux; Android 6.0.1; Nexus 5X Build/MMB29P) AppleWebKit/537.36 (KHTML, like Gecko) Chrome/148.0.7778.96 Mobile Safari/537.36 (compatible; Googlebot/2.1; +http://www.google.com/bot.html)"
66.249.64.130 - - [20/May/2026:22:34:56 +0000] "GET /?jp/152032404.html HTTP/1.1" 200 1358 "-" "Mozilla/5.0 (Linux; Android 6.0.1; Nexus 5X Build/MMB29P) AppleWebKit/537.36 (KHTML, like Gecko) Chrome/148.0.7778.96 Mobile Safari/537.36 (compatible; Googlebot/2.1; +http://www.google.com/bot.html)"
66.249.64.131 - - [20/May/2026:22:35:07 +0000] "GET /?goods/256016563 HTTP/1.1" 200 1358 "-" "Mozilla/5.0 (Linux; Android 6.0.1; Nexus 5X Build/MMB29P) AppleWebKit/537.36 (KHTML, like Gecko) Chrome/148.0.7778.96 Mobile Safari/537.36 (compatible; Googlebot/2.1; +http://www.google.com/bot.html)"
66.249.70.141 - - [20/May/2026:22:35:18 +0000] "GET /?detail/0800439236535 HTTP/1.1" 200 1358 "-" "Mozilla/5.0 (Linux; Android 6.0.1; Nexus 5X Build/MMB29P) AppleWebKit/537.36 (KHTML, like Gecko) Chrome/148.0.7778.96 Mobile Safari/537.36 (compatible; Googlebot/2.1; +http://www.google.com/bot.html)"
66.249.64.132 - - [20/May/2026:22:35:32 +0000] "GET /5254869 HTTP/1.1" 404 - "-" "Mozilla/5.0 (Linux; Android 6.0.1; Nexus 5X Build/MMB29P) AppleWebKit/537.36 (KHTML, like Gecko) Chrome/148.0.7778.96 Mobile Safari/537.36 (compatible; Googlebot/2.1; +http://www.google.com/bot.html)"
66.249.64.131 - - [20/May/2026:22:35:32 +0000] "GET /?goods/298022327 HTTP/1.1" 200 1358 "-" "Mozilla/5.0 (Linux; Android 6.0.1; Nexus 5X Build/MMB29P) AppleWebKit/537.36 (KHTML, like Gecko) Chrome/148.0.7778.96 Mobile Safari/537.36 (compatible; Googlebot/2.1; +http://www.google.com/bot.html)"
66.249.64.131 - - [20/May/2026:22:35:33 +0000] "GET /?jp/217024090.html HTTP/1.1" 200 1358 "-" "Mozilla/5.0 (Linux; Android 6.0.1; Nexus 5X Build/MMB29P) AppleWebKit/537.36 (KHTML, like Gecko) Chrome/148.0.7778.96 Mobile Safari/537.36 (compatible; Googlebot/2.1; +http://www.google.com/bot.html)"
66.249.70.141 - - [20/May/2026:22:35:33 +0000] "GET /4085512 HTTP/1.1" 404 - "-" "Mozilla/5.0 (Linux; Android 6.0.1; Nexus 5X Build/MMB29P) AppleWebKit/537.36 (KHTML, like Gecko) Chrome/148.0.7778.96 Mobile Safari/537.36 (compatible; Googlebot/2.1; +http://www.google.com/bot.html)"
66.249.70.141 - - [20/May/2026:22:35:34 +0000] "GET /243519626 HTTP/1.1" 404 - "-" "Mozilla/5.0 (Linux; Android 6.0.1; Nexus 5X Build/MMB29P) AppleWebKit/537.36 (KHTML, like Gecko) Chrome/148.0.7778.96 Mobile Safari/537.36 (compatible; Googlebot/2.1; +http://www.google.com/bot.html)"
66.249.70.141 - - [20/May/2026:22:35:34 +0000] "GET /7517760 HTTP/1.1" 404 - "-" "Mozilla/5.0 (Linux; Android 6.0.1; Nexus 5X Build/MMB29P) AppleWebKit/537.36 (KHTML, like Gecko) Chrome/148.0.7778.96 Mobile Safari/537.36 (compatible; Googlebot/2.1; +http://www.google.com/bot.html)"
66.249.70.141 - - [20/May/2026:22:35:35 +0000] "GET /?goods/010031849 HTTP/1.1" 200 1358 "-" "Mozilla/5.0 (Linux; Android 6.0.1; Nexus 5X Build/MMB29P) AppleWebKit/537.36 (KHTML, like Gecko) Chrome/148.0.7778.96 Mobile Safari/537.36 (compatible; Googlebot/2.1; +http://www.google.com/bot.html)"
66.249.70.140 - - [20/May/2026:22:35:36 +0000] "GET /?jp/175034762.html HTTP/1.1" 200 1358 "-" "Mozilla/5.0 (Linux; Android 6.0.1; Nexus 5X Build/MMB29P) AppleWebKit/537.36 (KHTML, like Gecko) Chrome/148.0.7778.96 Mobile Safari/537.36 (compatible; Googlebot/2.1; +http://www.google.com/bot.html)"
66.249.70.140 - - [20/May/2026:22:35:36 +0000] "GET /?detail/117003703539 HTTP/1.1" 200 1358 "-" "Mozilla/5.0 (Linux; Android 6.0.1; Nexus 5X Build/MMB29P) AppleWebKit/537.36 (KHTML, like Gecko) Chrome/148.0.7778.96 Mobile Safari/537.36 (compatible; Googlebot/2.1; +http://www.google.com/bot.html)"
66.249.64.130 - - [20/May/2026:22:35:51 +0000] "GET /?detail/274026891411 HTTP/1.1" 200 1358 "-" "Mozilla/5.0 (Linux; Android 6.0.1; Nexus 5X Build/MMB29P) AppleWebKit/537.36 (KHTML, like Gecko) Chrome/148.0.7778.96 Mobile Safari/537.36 (compatible; Googlebot/2.1; +http://www.google.com/bot.html)"
52.167.144.171 - - [20/May/2026:22:35:55 +0000] "GET /2615283883?product=2612569078 HTTP/1.1" 404 - "-" "Mozilla/5.0 AppleWebKit/537.36 (KHTML, like Gecko; compatible; bingbot/2.0; +http://www.bing.com/bingbot.htm) Chrome/116.0.1938.76 Safari/537.36"
66.249.64.131 - - [20/May/2026:22:36:12 +0000] "GET /?jp/090038674.html HTTP/1.1" 200 1358 "-" "Mozilla/5.0 (Linux; Android 6.0.1; Nexus 5X Build/MMB29P) AppleWebKit/537.36 (KHTML, like Gecko) Chrome/148.0.7778.96 Mobile Safari/537.36 (compatible; Googlebot/2.1; +http://www.google.com/bot.html)"
66.249.64.132 - - [20/May/2026:22:36:13 +0000] "GET /guitarplanet-sbmm-jp150dfm-pnb HTTP/1.1" 404 - "-" "Mozilla/5.0 (Linux; Android 6.0.1; Nexus 5X Build/MMB29P) AppleWebKit/537.36 (KHTML, like Gecko) Chrome/148.0.7778.96 Mobile Safari/537.36 (compatible; Googlebot/2.1; +http://www.google.com/bot.html)"
66.249.64.131 - - [20/May/2026:22:36:13 +0000] "GET /?jp/088014117.html HTTP/1.1" 200 1358 "-" "Mozilla/5.0 (Linux; Android 6.0.1; Nexus 5X Build/MMB29P) AppleWebKit/537.36 (KHTML, like Gecko) Chrome/148.0.7778.96 Mobile Safari/537.36 (compatible; Googlebot/2.1; +http://www.google.com/bot.html)"
66.249.64.131 - - [20/May/2026:22:36:24 +0000] "GET /?goods/200038856 HTTP/1.1" 200 1358 "-" "Mozilla/5.0 (Linux; Android 6.0.1; Nexus 5X Build/MMB29P) AppleWebKit/537.36 (KHTML, like Gecko) Chrome/148.0.7778.96 Mobile Safari/537.36 (compatible; Googlebot/2.1; +http://www.google.com/bot.html)"
66.249.64.130 - - [20/May/2026:22:36:25 +0000] "GET /?detail/2380079529752 HTTP/1.1" 200 1358 "-" "Mozilla/5.0 (Linux; Android 6.0.1; Nexus 5X Build/MMB29P) AppleWebKit/537.36 (KHTML, like Gecko) Chrome/148.0.7778.96 Mobile Safari/537.36 (compatible; Googlebot/2.1; +http://www.google.com/bot.html)"
51.77.43.72 - - [20/May/2026:22:36:33 +0000] "GET /robots.txt HTTP/1.1" 200 406 "-" "Mozilla/5.0 (compatible; MJ12bot/v1.4.8; http://mj12bot.com/)"
51.77.43.72 - - [20/May/2026:22:36:33 +0000] "GET /robots.txt HTTP/1.1" 200 406 "-" "Mozilla/5.0 (compatible; MJ12bot/v1.4.8; http://mj12bot.com/)"
51.77.43.72 - - [20/May/2026:22:36:35 +0000] "GET /1gbdtyx/?C=D;O=D HTTP/1.1" 200 250 "-" "Mozilla/5.0 (compatible; MJ12bot/v1.4.8; http://mj12bot.com/)"
51.77.43.72 - - [20/May/2026:22:36:35 +0000] "GET /1gbdtyx/?C=D;O=D HTTP/1.1" 200 250 "-" "Mozilla/5.0 (compatible; MJ12bot/v1.4.8; http://mj12bot.com/)"
66.249.64.130 - - [20/May/2026:22:36:36 +0000] "GET /1943028863?product=1941012142 HTTP/1.1" 404 - "-" "Mozilla/5.0 (Linux; Android 6.0.1; Nexus 5X Build/MMB29P) AppleWebKit/537.36 (KHTML, like Gecko) Chrome/148.0.7778.96 Mobile Safari/537.36 (compatible; Googlebot/2.1; +http://www.google.com/bot.html)"
66.249.64.130 - - [20/May/2026:22:36:36 +0000] "GET /?goods/124037277 HTTP/1.1" 200 1358 "-" "Mozilla/5.0 (Linux; Android 6.0.1; Nexus 5X Build/MMB29P) AppleWebKit/537.36 (KHTML, like Gecko) Chrome/148.0.7778.96 Mobile Safari/537.36 (compatible; Googlebot/2.1; +http://www.google.com/bot.html)"
51.77.43.72 - - [20/May/2026:22:36:37 +0000] "GET /1gbdtyx/?C=N;O=A HTTP/1.1" 200 252 "-" "Mozilla/5.0 (compatible; MJ12bot/v1.4.8; http://mj12bot.com/)"
51.77.43.72 - - [20/May/2026:22:36:37 +0000] "GET /1gbdtyx/?C=N;O=A HTTP/1.1" 200 252 "-" "Mozilla/5.0 (compatible; MJ12bot/v1.4.8; http://mj12bot.com/)"
66.249.64.130 - - [20/May/2026:22:36:49 +0000] "GET /?detail/2600198062927 HTTP/1.1" 200 1358 "-" "Mozilla/5.0 (Linux; Android 6.0.1; Nexus 5X Build/MMB29P) AppleWebKit/537.36 (KHTML, like Gecko) Chrome/148.0.7778.96 Mobile Safari/537.36 (compatible; Googlebot/2.1; +http://www.google.com/bot.html)"
51.77.43.72 - - [20/May/2026:22:36:56 +0000] "GET /robots.txt HTTP/1.1" 200 406 "-" "Mozilla/5.0 (compatible; MJ12bot/v1.4.8; http://mj12bot.com/)"
51.77.43.72 - - [20/May/2026:22:36:57 +0000] "GET /1gbdtyx/?C=D;O=D HTTP/1.1" 200 250 "-" "Mozilla/5.0 (compatible; MJ12bot/v1.4.8; http://mj12bot.com/)"
51.77.43.72 - - [20/May/2026:22:36:59 +0000] "GET /1gbdtyx/?C=N;O=A HTTP/1.1" 200 252 "-" "Mozilla/5.0 (compatible; MJ12bot/v1.4.8; http://mj12bot.com/)"
66.249.70.131 - - [20/May/2026:22:37:04 +0000] "GET /?jp/007030344.html HTTP/1.1" 200 1358 "-" "Mozilla/5.0 (Linux; Android 6.0.1; Nexus 5X Build/MMB29P) AppleWebKit/537.36 (KHTML, like Gecko) Chrome/148.0.7778.96 Mobile Safari/537.36 (compatible; Googlebot/2.1; +http://www.google.com/bot.html)"
66.249.64.130 - - [20/May/2026:22:37:09 +0000] "GET /?jp/232000287.html HTTP/1.1" 200 1358 "-" "Mozilla/5.0 (Linux; Android 6.0.1; Nexus 5X Build/MMB29P) AppleWebKit/537.36 (KHTML, like Gecko) Chrome/148.0.7778.96 Mobile Safari/537.36 (compatible; Googlebot/2.1; +http://www.google.com/bot.html)"
66.249.64.130 - - [20/May/2026:22:37:39 +0000] "GET /457645588?product=0457171322 HTTP/1.1" 404 - "-" "Mozilla/5.0 (Linux; Android 6.0.1; Nexus 5X Build/MMB29P) AppleWebKit/537.36 (KHTML, like Gecko) Chrome/148.0.7778.96 Mobile Safari/537.36 (compatible; Googlebot/2.1; +http://www.google.com/bot.html)"
66.249.64.130 - - [20/May/2026:22:37:39 +0000] "GET /?detail/0620187073115 HTTP/1.1" 200 1358 "-" "Mozilla/5.0 (Linux; Android 6.0.1; Nexus 5X Build/MMB29P) AppleWebKit/537.36 (KHTML, like Gecko) Chrome/148.0.7778.96 Mobile Safari/537.36 (compatible; Googlebot/2.1; +http://www.google.com/bot.html)"
66.249.64.130 - - [20/May/2026:22:37:50 +0000] "GET /?goods/086036151 HTTP/1.1" 200 1358 "-" "Mozilla/5.0 (Linux; Android 6.0.1; Nexus 5X Build/MMB29P) AppleWebKit/537.36 (KHTML, like Gecko) Chrome/148.0.7778.96 Mobile Safari/537.36 (compatible; Googlebot/2.1; +http://www.google.com/bot.html)"
54.39.89.245 - - [20/May/2026:22:37:54 +0000] "GET /372791810?product=0372405658 HTTP/1.1" 404 - "-" "Mozilla/5.0 (compatible; AhrefsBot/7.0; +http://ahrefs.com/robot/)"
54.39.136.11 - - [20/May/2026:22:37:57 +0000] "GET /372753615?product=0372367502 HTTP/1.1" 404 - "-" "Mozilla/5.0 (compatible; AhrefsBot/7.0; +http://ahrefs.com/robot/)"
51.222.95.15 - - [20/May/2026:22:38:00 +0000] "GET /372660714?product=0372274698 HTTP/1.1" 404 - "-" "Mozilla/5.0 (compatible; AhrefsBot/7.0; +http://ahrefs.com/robot/)"
15.235.98.83 - - [20/May/2026:22:38:03 +0000] "GET /372609289?product=0372223326 HTTP/1.1" 404 - "-" "Mozilla/5.0 (compatible; AhrefsBot/7.0; +http://ahrefs.com/robot/)"
15.235.98.218 - - [20/May/2026:22:38:06 +0000] "GET /372526219?product=0372140342 HTTP/1.1" 404 - "-" "Mozilla/5.0 (compatible; AhrefsBot/7.0; +http://ahrefs.com/robot/)"
54.39.136.142 - - [20/May/2026:22:38:10 +0000] "GET /372464971?product=0372079158 HTTP/1.1" 404 - "-" "Mozilla/5.0 (compatible; AhrefsBot/7.0; +http://ahrefs.com/robot/)"
66.249.64.130 - - [20/May/2026:22:38:12 +0000] "GET /?detail/0730130270801 HTTP/1.1" 200 1358 "-" "Mozilla/5.0 (Linux; Android 6.0.1; Nexus 5X Build/MMB29P) AppleWebKit/537.36 (KHTML, like Gecko) Chrome/148.0.7778.96 Mobile Safari/537.36 (compatible; Googlebot/2.1; +http://www.google.com/bot.html)"
142.44.228.194 - - [20/May/2026:22:38:14 +0000] "GET /372454055?product=0372068254 HTTP/1.1" 404 - "-" "Mozilla/5.0 (compatible; AhrefsBot/7.0; +http://ahrefs.com/robot/)"
52.167.144.217 - - [20/May/2026:22:38:17 +0000] "GET /711499519?product=0710761646 HTTP/1.1" 404 - "-" "Mozilla/5.0 AppleWebKit/537.36 (KHTML, like Gecko; compatible; bingbot/2.0; +http://www.bing.com/bingbot.htm) Chrome/116.0.1938.76 Safari/537.36"
142.44.220.87 - - [20/May/2026:22:38:17 +0000] "GET /372415852?product=0372030090 HTTP/1.1" 404 - "-" "Mozilla/5.0 (compatible; AhrefsBot/7.0; +http://ahrefs.com/robot/)"
51.77.43.72 - - [20/May/2026:22:38:26 +0000] "GET /jxz1anc/?C=N;O=A HTTP/1.1" 200 252 "-" "Mozilla/5.0 (compatible; MJ12bot/v1.4.8; http://mj12bot.com/)"
51.77.43.72 - - [20/May/2026:22:38:27 +0000] "GET /jxz1anc/?C=N;O=A HTTP/1.1" 200 252 "-" "Mozilla/5.0 (compatible; MJ12bot/v1.4.8; http://mj12bot.com/)"
51.77.43.72 - - [20/May/2026:22:38:28 +0000] "GET /jxz1anc/?C=S;O=D HTTP/1.1" 200 250 "-" "Mozilla/5.0 (compatible; MJ12bot/v1.4.8; http://mj12bot.com/)"
51.77.43.72 - - [20/May/2026:22:38:29 +0000] "GET /jxz1anc/?C=S;O=D HTTP/1.1" 200 250 "-" "Mozilla/5.0 (compatible; MJ12bot/v1.4.8; http://mj12bot.com/)"
51.77.43.72 - - [20/May/2026:22:38:29 +0000] "GET /khixruw/?C=D;O=D HTTP/1.1" 200 250 "-" "Mozilla/5.0 (compatible; MJ12bot/v1.4.8; http://mj12bot.com/)"
51.77.43.72 - - [20/May/2026:22:38:31 +0000] "GET /khixruw/?C=D;O=D HTTP/1.1" 200 250 "-" "Mozilla/5.0 (compatible; MJ12bot/v1.4.8; http://mj12bot.com/)"
51.77.43.72 - - [20/May/2026:22:38:31 +0000] "GET /khixruw/?C=M;O=D HTTP/1.1" 200 250 "-" "Mozilla/5.0 (compatible; MJ12bot/v1.4.8; http://mj12bot.com/)"
51.77.43.72 - - [20/May/2026:22:38:32 +0000] "GET /khixruw/?C=M;O=D HTTP/1.1" 200 250 "-" "Mozilla/5.0 (compatible; MJ12bot/v1.4.8; http://mj12bot.com/)"
51.77.43.72 - - [20/May/2026:22:38:33 +0000] "GET /khixruw/?C=N;O=A HTTP/1.1" 200 252 "-" "Mozilla/5.0 (compatible; MJ12bot/v1.4.8; http://mj12bot.com/)"
66.249.64.131 - - [20/May/2026:22:38:34 +0000] "GET /?jp/065022772.html HTTP/1.1" 200 1358 "-" "Mozilla/5.0 (Linux; Android 6.0.1; Nexus 5X Build/MMB29P) AppleWebKit/537.36 (KHTML, like Gecko) Chrome/148.0.7778.96 Mobile Safari/537.36 (compatible; Googlebot/2.1; +http://www.google.com/bot.html)"
51.77.43.72 - - [20/May/2026:22:38:34 +0000] "GET /khixruw/?C=N;O=A HTTP/1.1" 200 252 "-" "Mozilla/5.0 (compatible; MJ12bot/v1.4.8; http://mj12bot.com/)"
51.77.43.72 - - [20/May/2026:22:38:34 +0000] "GET /khixruw/?C=S;O=D HTTP/1.1" 200 250 "-" "Mozilla/5.0 (compatible; MJ12bot/v1.4.8; http://mj12bot.com/)"
51.77.43.72 - - [20/May/2026:22:38:36 +0000] "GET /khixruw/?C=S;O=D HTTP/1.1" 200 250 "-" "Mozilla/5.0 (compatible; MJ12bot/v1.4.8; http://mj12bot.com/)"
51.77.43.72 - - [20/May/2026:22:38:36 +0000] "GET /krfiesd/?C=D;O=D HTTP/1.1" 200 288 "-" "Mozilla/5.0 (compatible; MJ12bot/v1.4.8; http://mj12bot.com/)"
51.77.43.72 - - [20/May/2026:22:38:37 +0000] "GET /krfiesd/?C=D;O=D HTTP/1.1" 200 288 "-" "Mozilla/5.0 (compatible; MJ12bot/v1.4.8; http://mj12bot.com/)"
51.77.43.72 - - [20/May/2026:22:38:38 +0000] "GET /krfiesd/?C=M;O=D HTTP/1.1" 200 288 "-" "Mozilla/5.0 (compatible; MJ12bot/v1.4.8; http://mj12bot.com/)"
51.77.43.72 - - [20/May/2026:22:38:39 +0000] "GET /krfiesd/?C=M;O=D HTTP/1.1" 200 288 "-" "Mozilla/5.0 (compatible; MJ12bot/v1.4.8; http://mj12bot.com/)"
51.77.43.72 - - [20/May/2026:22:38:39 +0000] "GET /krfiesd/?C=N;O=A HTTP/1.1" 200 290 "-" "Mozilla/5.0 (compatible; MJ12bot/v1.4.8; http://mj12bot.com/)"
51.77.43.72 - - [20/May/2026:22:38:41 +0000] "GET /krfiesd/?C=N;O=A HTTP/1.1" 200 290 "-" "Mozilla/5.0 (compatible; MJ12bot/v1.4.8; http://mj12bot.com/)"
51.77.43.72 - - [20/May/2026:22:38:41 +0000] "GET /krfiesd/?C=S;O=D HTTP/1.1" 200 288 "-" "Mozilla/5.0 (compatible; MJ12bot/v1.4.8; http://mj12bot.com/)"
51.77.43.72 - - [20/May/2026:22:38:42 +0000] "GET /krfiesd/?C=S;O=D HTTP/1.1" 200 288 "-" "Mozilla/5.0 (compatible; MJ12bot/v1.4.8; http://mj12bot.com/)"
51.77.43.72 - - [20/May/2026:22:38:43 +0000] "GET /otbvrdx/?C=D;O=D HTTP/1.1" 200 250 "-" "Mozilla/5.0 (compatible; MJ12bot/v1.4.8; http://mj12bot.com/)"
51.77.43.72 - - [20/May/2026:22:38:44 +0000] "GET /otbvrdx/?C=D;O=D HTTP/1.1" 200 250 "-" "Mozilla/5.0 (compatible; MJ12bot/v1.4.8; http://mj12bot.com/)"
51.77.43.72 - - [20/May/2026:22:38:45 +0000] "GET /otbvrdx/?C=M;O=D HTTP/1.1" 200 250 "-" "Mozilla/5.0 (compatible; MJ12bot/v1.4.8; http://mj12bot.com/)"
51.77.43.72 - - [20/May/2026:22:38:46 +0000] "GET /otbvrdx/?C=M;O=D HTTP/1.1" 200 250 "-" "Mozilla/5.0 (compatible; MJ12bot/v1.4.8; http://mj12bot.com/)"
51.77.43.72 - - [20/May/2026:22:38:46 +0000] "GET /otbvrdx/?C=N;O=A HTTP/1.1" 200 252 "-" "Mozilla/5.0 (compatible; MJ12bot/v1.4.8; http://mj12bot.com/)"
51.77.43.72 - - [20/May/2026:22:38:47 +0000] "GET /otbvrdx/?C=N;O=A HTTP/1.1" 200 252 "-" "Mozilla/5.0 (compatible; MJ12bot/v1.4.8; http://mj12bot.com/)"
51.77.43.72 - - [20/May/2026:22:38:48 +0000] "GET /otbvrdx/?C=S;O=D HTTP/1.1" 200 250 "-" "Mozilla/5.0 (compatible; MJ12bot/v1.4.8; http://mj12bot.com/)"
51.77.43.72 - - [20/May/2026:22:38:49 +0000] "GET /otbvrdx/?C=S;O=D HTTP/1.1" 200 250 "-" "Mozilla/5.0 (compatible; MJ12bot/v1.4.8; http://mj12bot.com/)"
51.77.43.72 - - [20/May/2026:22:38:50 +0000] "GET /pqknfau/?C=D;O=D HTTP/1.1" 200 288 "-" "Mozilla/5.0 (compatible; MJ12bot/v1.4.8; http://mj12bot.com/)"
51.77.43.72 - - [20/May/2026:22:38:51 +0000] "GET /pqknfau/?C=D;O=D HTTP/1.1" 200 288 "-" "Mozilla/5.0 (compatible; MJ12bot/v1.4.8; http://mj12bot.com/)"
51.77.43.72 - - [20/May/2026:22:38:51 +0000] "GET /pqknfau/?C=M;O=D HTTP/1.1" 200 288 "-" "Mozilla/5.0 (compatible; MJ12bot/v1.4.8; http://mj12bot.com/)"
51.77.43.72 - - [20/May/2026:22:38:52 +0000] "GET /pqknfau/?C=M;O=D HTTP/1.1" 200 288 "-" "Mozilla/5.0 (compatible; MJ12bot/v1.4.8; http://mj12bot.com/)"
51.77.43.72 - - [20/May/2026:22:38:53 +0000] "GET /pqknfau/?C=N;O=A HTTP/1.1" 200 289 "-" "Mozilla/5.0 (compatible; MJ12bot/v1.4.8; http://mj12bot.com/)"
51.77.43.72 - - [20/May/2026:22:38:53 +0000] "GET /jxz1anc/?C=N;O=A HTTP/1.1" 200 252 "-" "Mozilla/5.0 (compatible; MJ12bot/v1.4.8; http://mj12bot.com/)"
51.77.43.72 - - [20/May/2026:22:38:54 +0000] "GET /pqknfau/?C=N;O=A HTTP/1.1" 200 289 "-" "Mozilla/5.0 (compatible; MJ12bot/v1.4.8; http://mj12bot.com/)"
51.77.43.72 - - [20/May/2026:22:38:55 +0000] "GET /pqknfau/?C=S;O=D HTTP/1.1" 200 288 "-" "Mozilla/5.0 (compatible; MJ12bot/v1.4.8; http://mj12bot.com/)"
51.77.43.72 - - [20/May/2026:22:38:55 +0000] "GET /jxz1anc/?C=S;O=D HTTP/1.1" 200 250 "-" "Mozilla/5.0 (compatible; MJ12bot/v1.4.8; http://mj12bot.com/)"
51.77.43.72 - - [20/May/2026:22:38:56 +0000] "GET /pqknfau/?C=S;O=D HTTP/1.1" 200 288 "-" "Mozilla/5.0 (compatible; MJ12bot/v1.4.8; http://mj12bot.com/)"
66.249.64.130 - - [20/May/2026:22:38:56 +0000] "GET /?jp/070008565.html HTTP/1.1" 200 1358 "-" "Mozilla/5.0 (Linux; Android 6.0.1; Nexus 5X Build/MMB29P) AppleWebKit/537.36 (KHTML, like Gecko) Chrome/148.0.7778.96 Mobile Safari/537.36 (compatible; Googlebot/2.1; +http://www.google.com/bot.html)"
51.77.43.72 - - [20/May/2026:22:38:57 +0000] "GET /swc1xzb/?C=D;O=D HTTP/1.1" 200 250 "-" "Mozilla/5.0 (compatible; MJ12bot/v1.4.8; http://mj12bot.com/)"
51.77.43.72 - - [20/May/2026:22:38:57 +0000] "GET /khixruw/?C=D;O=D HTTP/1.1" 200 250 "-" "Mozilla/5.0 (compatible; MJ12bot/v1.4.8; http://mj12bot.com/)"
51.77.43.72 - - [20/May/2026:22:38:57 +0000] "GET /swc1xzb/?C=D;O=D HTTP/1.1" 200 250 "-" "Mozilla/5.0 (compatible; MJ12bot/v1.4.8; http://mj12bot.com/)"
51.77.43.72 - - [20/May/2026:22:38:58 +0000] "GET /swc1xzb/?C=M;O=D HTTP/1.1" 200 250 "-" "Mozilla/5.0 (compatible; MJ12bot/v1.4.8; http://mj12bot.com/)"
51.77.43.72 - - [20/May/2026:22:38:58 +0000] "GET /khixruw/?C=M;O=D HTTP/1.1" 200 250 "-" "Mozilla/5.0 (compatible; MJ12bot/v1.4.8; http://mj12bot.com/)"
51.77.43.72 - - [20/May/2026:22:38:59 +0000] "GET /swc1xzb/?C=M;O=D HTTP/1.1" 200 250 "-" "Mozilla/5.0 (compatible; MJ12bot/v1.4.8; http://mj12bot.com/)"
51.77.43.72 - - [20/May/2026:22:39:00 +0000] "GET /khixruw/?C=N;O=A HTTP/1.1" 200 252 "-" "Mozilla/5.0 (compatible; MJ12bot/v1.4.8; http://mj12bot.com/)"
51.77.43.72 - - [20/May/2026:22:39:00 +0000] "GET /swc1xzb/?C=N;O=A HTTP/1.1" 200 252 "-" "Mozilla/5.0 (compatible; MJ12bot/v1.4.8; http://mj12bot.com/)"
51.77.43.72 - - [20/May/2026:22:39:01 +0000] "GET /swc1xzb/?C=N;O=A HTTP/1.1" 200 252 "-" "Mozilla/5.0 (compatible; MJ12bot/v1.4.8; http://mj12bot.com/)"
51.77.43.72 - - [20/May/2026:22:39:02 +0000] "GET /khixruw/?C=S;O=D HTTP/1.1" 200 250 "-" "Mozilla/5.0 (compatible; MJ12bot/v1.4.8; http://mj12bot.com/)"
51.77.43.72 - - [20/May/2026:22:39:02 +0000] "GET /swc1xzb/?C=S;O=D HTTP/1.1" 200 250 "-" "Mozilla/5.0 (compatible; MJ12bot/v1.4.8; http://mj12bot.com/)"
51.77.43.72 - - [20/May/2026:22:39:02 +0000] "GET /swc1xzb/?C=S;O=D HTTP/1.1" 200 250 "-" "Mozilla/5.0 (compatible; MJ12bot/v1.4.8; http://mj12bot.com/)"
51.77.43.72 - - [20/May/2026:22:39:03 +0000] "GET /krfiesd/?C=D;O=D HTTP/1.1" 200 288 "-" "Mozilla/5.0 (compatible; MJ12bot/v1.4.8; http://mj12bot.com/)"
51.77.43.72 - - [20/May/2026:22:39:03 +0000] "GET /sxilkud/?C=D;O=D HTTP/1.1" 200 288 "-" "Mozilla/5.0 (compatible; MJ12bot/v1.4.8; http://mj12bot.com/)"
51.77.43.72 - - [20/May/2026:22:39:04 +0000] "GET /sxilkud/?C=D;O=D HTTP/1.1" 200 288 "-" "Mozilla/5.0 (compatible; MJ12bot/v1.4.8; http://mj12bot.com/)"
51.77.43.72 - - [20/May/2026:22:39:05 +0000] "GET /krfiesd/?C=M;O=D HTTP/1.1" 200 288 "-" "Mozilla/5.0 (compatible; MJ12bot/v1.4.8; http://mj12bot.com/)"
51.77.43.72 - - [20/May/2026:22:39:05 +0000] "GET /sxilkud/?C=M;O=D HTTP/1.1" 200 288 "-" "Mozilla/5.0 (compatible; MJ12bot/v1.4.8; http://mj12bot.com/)"
51.77.43.72 - - [20/May/2026:22:39:05 +0000] "GET /sxilkud/?C=M;O=D HTTP/1.1" 200 288 "-" "Mozilla/5.0 (compatible; MJ12bot/v1.4.8; http://mj12bot.com/)"
51.77.43.72 - - [20/May/2026:22:39:07 +0000] "GET /krfiesd/?C=N;O=A HTTP/1.1" 200 290 "-" "Mozilla/5.0 (compatible; MJ12bot/v1.4.8; http://mj12bot.com/)"
66.249.70.130 - - [20/May/2026:22:39:07 +0000] "GET /?detail/1500237561445 HTTP/1.1" 200 1358 "-" "Mozilla/5.0 (Linux; Android 6.0.1; Nexus 5X Build/MMB29P) AppleWebKit/537.36 (KHTML, like Gecko) Chrome/148.0.7778.96 Mobile Safari/537.36 (compatible; Googlebot/2.1; +http://www.google.com/bot.html)"
51.77.43.72 - - [20/May/2026:22:39:07 +0000] "GET /sxilkud/?C=N;O=A HTTP/1.1" 200 290 "-" "Mozilla/5.0 (compatible; MJ12bot/v1.4.8; http://mj12bot.com/)"
66.249.64.131 - - [20/May/2026:22:39:07 +0000] "GET /118000268 HTTP/1.1" 404 - "-" "Mozilla/5.0 (Linux; Android 6.0.1; Nexus 5X Build/MMB29P) AppleWebKit/537.36 (KHTML, like Gecko) Chrome/148.0.7778.96 Mobile Safari/537.36 (compatible; Googlebot/2.1; +http://www.google.com/bot.html)"
51.77.43.72 - - [20/May/2026:22:39:07 +0000] "GET /sxilkud/?C=N;O=A HTTP/1.1" 200 290 "-" "Mozilla/5.0 (compatible; MJ12bot/v1.4.8; http://mj12bot.com/)"
66.249.64.132 - - [20/May/2026:22:39:08 +0000] "GET /hcvalor-eshop-trusco-6643563 HTTP/1.1" 404 - "-" "Mozilla/5.0 (Linux; Android 6.0.1; Nexus 5X Build/MMB29P) AppleWebKit/537.36 (KHTML, like Gecko) Chrome/148.0.7778.96 Mobile Safari/537.36 (compatible; Googlebot/2.1; +http://www.google.com/bot.html)"
51.77.43.72 - - [20/May/2026:22:39:08 +0000] "GET /krfiesd/?C=S;O=D HTTP/1.1" 200 288 "-" "Mozilla/5.0 (compatible; MJ12bot/v1.4.8; http://mj12bot.com/)"
51.77.43.72 - - [20/May/2026:22:39:08 +0000] "GET /sxilkud/?C=S;O=D HTTP/1.1" 200 288 "-" "Mozilla/5.0 (compatible; MJ12bot/v1.4.8; http://mj12bot.com/)"
51.77.43.72 - - [20/May/2026:22:39:09 +0000] "GET /sxilkud/?C=S;O=D HTTP/1.1" 200 288 "-" "Mozilla/5.0 (compatible; MJ12bot/v1.4.8; http://mj12bot.com/)"
51.77.43.72 - - [20/May/2026:22:39:10 +0000] "GET /otbvrdx/?C=D;O=D HTTP/1.1" 200 250 "-" "Mozilla/5.0 (compatible; MJ12bot/v1.4.8; http://mj12bot.com/)"
51.77.43.72 - - [20/May/2026:22:39:10 +0000] "GET /teakubs/?C=D;O=D HTTP/1.1" 200 250 "-" "Mozilla/5.0 (compatible; MJ12bot/v1.4.8; http://mj12bot.com/)"
51.77.43.72 - - [20/May/2026:22:39:10 +0000] "GET /teakubs/?C=D;O=D HTTP/1.1" 200 250 "-" "Mozilla/5.0 (compatible; MJ12bot/v1.4.8; http://mj12bot.com/)"
51.77.43.72 - - [20/May/2026:22:39:12 +0000] "GET /otbvrdx/?C=M;O=D HTTP/1.1" 200 250 "-" "Mozilla/5.0 (compatible; MJ12bot/v1.4.8; http://mj12bot.com/)"
51.77.43.72 - - [20/May/2026:22:39:12 +0000] "GET /teakubs/?C=M;O=D HTTP/1.1" 200 250 "-" "Mozilla/5.0 (compatible; MJ12bot/v1.4.8; http://mj12bot.com/)"
51.77.43.72 - - [20/May/2026:22:39:12 +0000] "GET /teakubs/?C=M;O=D HTTP/1.1" 200 250 "-" "Mozilla/5.0 (compatible; MJ12bot/v1.4.8; http://mj12bot.com/)"
51.77.43.72 - - [20/May/2026:22:39:13 +0000] "GET /otbvrdx/?C=N;O=A HTTP/1.1" 200 252 "-" "Mozilla/5.0 (compatible; MJ12bot/v1.4.8; http://mj12bot.com/)"
51.77.43.72 - - [20/May/2026:22:39:14 +0000] "GET /teakubs/?C=N;O=A HTTP/1.1" 200 252 "-" "Mozilla/5.0 (compatible; MJ12bot/v1.4.8; http://mj12bot.com/)"
51.77.43.72 - - [20/May/2026:22:39:14 +0000] "GET /teakubs/?C=N;O=A HTTP/1.1" 200 252 "-" "Mozilla/5.0 (compatible; MJ12bot/v1.4.8; http://mj12bot.com/)"
51.77.43.72 - - [20/May/2026:22:39:15 +0000] "GET /otbvrdx/?C=S;O=D HTTP/1.1" 200 250 "-" "Mozilla/5.0 (compatible; MJ12bot/v1.4.8; http://mj12bot.com/)"
51.77.43.72 - - [20/May/2026:22:39:15 +0000] "GET /teakubs/?C=S;O=D HTTP/1.1" 200 250 "-" "Mozilla/5.0 (compatible; MJ12bot/v1.4.8; http://mj12bot.com/)"
51.77.43.72 - - [20/May/2026:22:39:15 +0000] "GET /teakubs/?C=S;O=D HTTP/1.1" 200 250 "-" "Mozilla/5.0 (compatible; MJ12bot/v1.4.8; http://mj12bot.com/)"
51.77.43.72 - - [20/May/2026:22:39:17 +0000] "GET /pqknfau/?C=D;O=D HTTP/1.1" 200 288 "-" "Mozilla/5.0 (compatible; MJ12bot/v1.4.8; http://mj12bot.com/)"
51.77.43.72 - - [20/May/2026:22:39:17 +0000] "GET /udzyhbc/?C=D;O=D HTTP/1.1" 200 288 "-" "Mozilla/5.0 (compatible; MJ12bot/v1.4.8; http://mj12bot.com/)"
51.77.43.72 - - [20/May/2026:22:39:17 +0000] "GET /udzyhbc/?C=D;O=D HTTP/1.1" 200 288 "-" "Mozilla/5.0 (compatible; MJ12bot/v1.4.8; http://mj12bot.com/)"
51.77.43.72 - - [20/May/2026:22:39:18 +0000] "GET /pqknfau/?C=M;O=D HTTP/1.1" 200 288 "-" "Mozilla/5.0 (compatible; MJ12bot/v1.4.8; http://mj12bot.com/)"
51.77.43.72 - - [20/May/2026:22:39:18 +0000] "GET /udzyhbc/?C=M;O=D HTTP/1.1" 200 288 "-" "Mozilla/5.0 (compatible; MJ12bot/v1.4.8; http://mj12bot.com/)"
66.249.64.131 - - [20/May/2026:22:39:19 +0000] "GET /?goods/053047467 HTTP/1.1" 200 1358 "-" "Mozilla/5.0 (Linux; Android 6.0.1; Nexus 5X Build/MMB29P) AppleWebKit/537.36 (KHTML, like Gecko) Chrome/148.0.7778.96 Mobile Safari/537.36 (compatible; Googlebot/2.1; +http://www.google.com/bot.html)"
51.77.43.72 - - [20/May/2026:22:39:19 +0000] "GET /udzyhbc/?C=M;O=D HTTP/1.1" 200 288 "-" "Mozilla/5.0 (compatible; MJ12bot/v1.4.8; http://mj12bot.com/)"
51.77.43.72 - - [20/May/2026:22:39:20 +0000] "GET /pqknfau/?C=N;O=A HTTP/1.1" 200 289 "-" "Mozilla/5.0 (compatible; MJ12bot/v1.4.8; http://mj12bot.com/)"
51.77.43.72 - - [20/May/2026:22:39:20 +0000] "GET /udzyhbc/?C=N;O=A HTTP/1.1" 200 290 "-" "Mozilla/5.0 (compatible; MJ12bot/v1.4.8; http://mj12bot.com/)"
51.77.43.72 - - [20/May/2026:22:39:21 +0000] "GET /udzyhbc/?C=N;O=A HTTP/1.1" 200 290 "-" "Mozilla/5.0 (compatible; MJ12bot/v1.4.8; http://mj12bot.com/)"
51.77.43.72 - - [20/May/2026:22:39:22 +0000] "GET /pqknfau/?C=S;O=D HTTP/1.1" 200 288 "-" "Mozilla/5.0 (compatible; MJ12bot/v1.4.8; http://mj12bot.com/)"
51.77.43.72 - - [20/May/2026:22:39:22 +0000] "GET /udzyhbc/?C=S;O=D HTTP/1.1" 200 288 "-" "Mozilla/5.0 (compatible; MJ12bot/v1.4.8; http://mj12bot.com/)"
51.77.43.72 - - [20/May/2026:22:39:22 +0000] "GET /udzyhbc/?C=S;O=D HTTP/1.1" 200 288 "-" "Mozilla/5.0 (compatible; MJ12bot/v1.4.8; http://mj12bot.com/)"
51.77.43.72 - - [20/May/2026:22:39:23 +0000] "GET /uqmeacn/?C=D;O=D HTTP/1.1" 200 250 "-" "Mozilla/5.0 (compatible; MJ12bot/v1.4.8; http://mj12bot.com/)"
51.77.43.72 - - [20/May/2026:22:39:23 +0000] "GET /swc1xzb/?C=D;O=D HTTP/1.1" 200 250 "-" "Mozilla/5.0 (compatible; MJ12bot/v1.4.8; http://mj12bot.com/)"
51.77.43.72 - - [20/May/2026:22:39:24 +0000] "GET /uqmeacn/?C=D;O=D HTTP/1.1" 200 250 "-" "Mozilla/5.0 (compatible; MJ12bot/v1.4.8; http://mj12bot.com/)"
51.77.43.72 - - [20/May/2026:22:39:25 +0000] "GET /swc1xzb/?C=M;O=D HTTP/1.1" 200 250 "-" "Mozilla/5.0 (compatible; MJ12bot/v1.4.8; http://mj12bot.com/)"
51.77.43.72 - - [20/May/2026:22:39:25 +0000] "GET /uqmeacn/?C=M;O=D HTTP/1.1" 200 250 "-" "Mozilla/5.0 (compatible; MJ12bot/v1.4.8; http://mj12bot.com/)"
51.77.43.72 - - [20/May/2026:22:39:26 +0000] "GET /uqmeacn/?C=M;O=D HTTP/1.1" 200 250 "-" "Mozilla/5.0 (compatible; MJ12bot/v1.4.8; http://mj12bot.com/)"
51.77.43.72 - - [20/May/2026:22:39:27 +0000] "GET /swc1xzb/?C=N;O=A HTTP/1.1" 200 252 "-" "Mozilla/5.0 (compatible; MJ12bot/v1.4.8; http://mj12bot.com/)"
51.77.43.72 - - [20/May/2026:22:39:27 +0000] "GET /uqmeacn/?C=N;O=A HTTP/1.1" 200 252 "-" "Mozilla/5.0 (compatible; MJ12bot/v1.4.8; http://mj12bot.com/)"
51.77.43.72 - - [20/May/2026:22:39:27 +0000] "GET /uqmeacn/?C=N;O=A HTTP/1.1" 200 252 "-" "Mozilla/5.0 (compatible; MJ12bot/v1.4.8; http://mj12bot.com/)"
51.77.43.72 - - [20/May/2026:22:39:28 +0000] "GET /swc1xzb/?C=S;O=D HTTP/1.1" 200 250 "-" "Mozilla/5.0 (compatible; MJ12bot/v1.4.8; http://mj12bot.com/)"
51.77.43.72 - - [20/May/2026:22:39:29 +0000] "GET /uqmeacn/?C=S;O=D HTTP/1.1" 200 250 "-" "Mozilla/5.0 (compatible; MJ12bot/v1.4.8; http://mj12bot.com/)"
51.77.43.72 - - [20/May/2026:22:39:29 +0000] "GET /uqmeacn/?C=S;O=D HTTP/1.1" 200 250 "-" "Mozilla/5.0 (compatible; MJ12bot/v1.4.8; http://mj12bot.com/)"
51.77.43.72 - - [20/May/2026:22:39:30 +0000] "GET /sxilkud/?C=D;O=D HTTP/1.1" 200 288 "-" "Mozilla/5.0 (compatible; MJ12bot/v1.4.8; http://mj12bot.com/)"
51.77.43.72 - - [20/May/2026:22:39:30 +0000] "GET /vfhlsgp/?C=D;O=D HTTP/1.1" 200 250 "-" "Mozilla/5.0 (compatible; MJ12bot/v1.4.8; http://mj12bot.com/)"
51.77.43.72 - - [20/May/2026:22:39:31 +0000] "GET /vfhlsgp/?C=D;O=D HTTP/1.1" 200 250 "-" "Mozilla/5.0 (compatible; MJ12bot/v1.4.8; http://mj12bot.com/)"
51.77.43.72 - - [20/May/2026:22:39:32 +0000] "GET /sxilkud/?C=M;O=D HTTP/1.1" 200 288 "-" "Mozilla/5.0 (compatible; MJ12bot/v1.4.8; http://mj12bot.com/)"
51.77.43.72 - - [20/May/2026:22:39:32 +0000] "GET /vfhlsgp/?C=M;O=D HTTP/1.1" 200 250 "-" "Mozilla/5.0 (compatible; MJ12bot/v1.4.8; http://mj12bot.com/)"
51.77.43.72 - - [20/May/2026:22:39:32 +0000] "GET /vfhlsgp/?C=M;O=D HTTP/1.1" 200 250 "-" "Mozilla/5.0 (compatible; MJ12bot/v1.4.8; http://mj12bot.com/)"
51.77.43.72 - - [20/May/2026:22:39:33 +0000] "GET /sxilkud/?C=N;O=A HTTP/1.1" 200 290 "-" "Mozilla/5.0 (compatible; MJ12bot/v1.4.8; http://mj12bot.com/)"
51.77.43.72 - - [20/May/2026:22:39:34 +0000] "GET /vfhlsgp/?C=N;O=A HTTP/1.1" 200 252 "-" "Mozilla/5.0 (compatible; MJ12bot/v1.4.8; http://mj12bot.com/)"
51.77.43.72 - - [20/May/2026:22:39:34 +0000] "GET /vfhlsgp/?C=N;O=A HTTP/1.1" 200 252 "-" "Mozilla/5.0 (compatible; MJ12bot/v1.4.8; http://mj12bot.com/)"
51.77.43.72 - - [20/May/2026:22:39:35 +0000] "GET /vfhlsgp/?C=S;O=D HTTP/1.1" 200 250 "-" "Mozilla/5.0 (compatible; MJ12bot/v1.4.8; http://mj12bot.com/)"
51.77.43.72 - - [20/May/2026:22:39:35 +0000] "GET /sxilkud/?C=S;O=D HTTP/1.1" 200 288 "-" "Mozilla/5.0 (compatible; MJ12bot/v1.4.8; http://mj12bot.com/)"
51.77.43.72 - - [20/May/2026:22:39:36 +0000] "GET /vfhlsgp/?C=S;O=D HTTP/1.1" 200 250 "-" "Mozilla/5.0 (compatible; MJ12bot/v1.4.8; http://mj12bot.com/)"
51.77.43.72 - - [20/May/2026:22:39:37 +0000] "GET /teakubs/?C=D;O=D HTTP/1.1" 200 250 "-" "Mozilla/5.0 (compatible; MJ12bot/v1.4.8; http://mj12bot.com/)"
51.77.43.72 - - [20/May/2026:22:39:39 +0000] "GET /teakubs/?C=M;O=D HTTP/1.1" 200 250 "-" "Mozilla/5.0 (compatible; MJ12bot/v1.4.8; http://mj12bot.com/)"
51.77.43.72 - - [20/May/2026:22:39:39 +0000] "GET /wzseymk/?C=D;O=D HTTP/1.1" 200 250 "-" "Mozilla/5.0 (compatible; MJ12bot/v1.4.8; http://mj12bot.com/)"
51.77.43.72 - - [20/May/2026:22:39:40 +0000] "GET /wzseymk/?C=D;O=D HTTP/1.1" 200 250 "-" "Mozilla/5.0 (compatible; MJ12bot/v1.4.8; http://mj12bot.com/)"
66.249.64.130 - - [20/May/2026:22:39:40 +0000] "GET /?detail/101048343792 HTTP/1.1" 200 1358 "-" "Mozilla/5.0 (Linux; Android 6.0.1; Nexus 5X Build/MMB29P) AppleWebKit/537.36 (KHTML, like Gecko) Chrome/148.0.7778.96 Mobile Safari/537.36 (compatible; Googlebot/2.1; +http://www.google.com/bot.html)"
51.77.43.72 - - [20/May/2026:22:39:40 +0000] "GET /teakubs/?C=N;O=A HTTP/1.1" 200 252 "-" "Mozilla/5.0 (compatible; MJ12bot/v1.4.8; http://mj12bot.com/)"
51.77.43.72 - - [20/May/2026:22:39:41 +0000] "GET /wzseymk/?C=M;O=D HTTP/1.1" 200 250 "-" "Mozilla/5.0 (compatible; MJ12bot/v1.4.8; http://mj12bot.com/)"
51.77.43.72 - - [20/May/2026:22:39:41 +0000] "GET /wzseymk/?C=M;O=D HTTP/1.1" 200 250 "-" "Mozilla/5.0 (compatible; MJ12bot/v1.4.8; http://mj12bot.com/)"
51.77.43.72 - - [20/May/2026:22:39:42 +0000] "GET /teakubs/?C=S;O=D HTTP/1.1" 200 250 "-" "Mozilla/5.0 (compatible; MJ12bot/v1.4.8; http://mj12bot.com/)"
51.77.43.72 - - [20/May/2026:22:39:43 +0000] "GET /wzseymk/?C=N;O=A HTTP/1.1" 200 252 "-" "Mozilla/5.0 (compatible; MJ12bot/v1.4.8; http://mj12bot.com/)"
51.77.43.72 - - [20/May/2026:22:39:43 +0000] "GET /wzseymk/?C=N;O=A HTTP/1.1" 200 252 "-" "Mozilla/5.0 (compatible; MJ12bot/v1.4.8; http://mj12bot.com/)"
51.77.43.72 - - [20/May/2026:22:39:44 +0000] "GET /udzyhbc/?C=D;O=D HTTP/1.1" 200 288 "-" "Mozilla/5.0 (compatible; MJ12bot/v1.4.8; http://mj12bot.com/)"
51.77.43.72 - - [20/May/2026:22:39:44 +0000] "GET /wzseymk/?C=S;O=D HTTP/1.1" 200 250 "-" "Mozilla/5.0 (compatible; MJ12bot/v1.4.8; http://mj12bot.com/)"
51.77.43.72 - - [20/May/2026:22:39:45 +0000] "GET /wzseymk/?C=S;O=D HTTP/1.1" 200 250 "-" "Mozilla/5.0 (compatible; MJ12bot/v1.4.8; http://mj12bot.com/)"
51.77.43.72 - - [20/May/2026:22:39:46 +0000] "GET /udzyhbc/?C=M;O=D HTTP/1.1" 200 288 "-" "Mozilla/5.0 (compatible; MJ12bot/v1.4.8; http://mj12bot.com/)"
51.77.43.72 - - [20/May/2026:22:39:46 +0000] "GET /xmwlzsg/?C=D;O=D HTTP/1.1" 200 250 "-" "Mozilla/5.0 (compatible; MJ12bot/v1.4.8; http://mj12bot.com/)"
51.77.43.72 - - [20/May/2026:22:39:46 +0000] "GET /xmwlzsg/?C=D;O=D HTTP/1.1" 200 250 "-" "Mozilla/5.0 (compatible; MJ12bot/v1.4.8; http://mj12bot.com/)"
51.77.43.72 - - [20/May/2026:22:39:47 +0000] "GET /udzyhbc/?C=N;O=A HTTP/1.1" 200 290 "-" "Mozilla/5.0 (compatible; MJ12bot/v1.4.8; http://mj12bot.com/)"
51.77.43.72 - - [20/May/2026:22:39:48 +0000] "GET /xmwlzsg/?C=M;O=D HTTP/1.1" 200 250 "-" "Mozilla/5.0 (compatible; MJ12bot/v1.4.8; http://mj12bot.com/)"
51.77.43.72 - - [20/May/2026:22:39:48 +0000] "GET /xmwlzsg/?C=M;O=D HTTP/1.1" 200 250 "-" "Mozilla/5.0 (compatible; MJ12bot/v1.4.8; http://mj12bot.com/)"
51.77.43.72 - - [20/May/2026:22:39:49 +0000] "GET /udzyhbc/?C=S;O=D HTTP/1.1" 200 288 "-" "Mozilla/5.0 (compatible; MJ12bot/v1.4.8; http://mj12bot.com/)"
51.77.43.72 - - [20/May/2026:22:39:49 +0000] "GET /xmwlzsg/?C=N;O=A HTTP/1.1" 200 252 "-" "Mozilla/5.0 (compatible; MJ12bot/v1.4.8; http://mj12bot.com/)"
51.77.43.72 - - [20/May/2026:22:39:50 +0000] "GET /xmwlzsg/?C=N;O=A HTTP/1.1" 200 252 "-" "Mozilla/5.0 (compatible; MJ12bot/v1.4.8; http://mj12bot.com/)"
51.77.43.72 - - [20/May/2026:22:39:51 +0000] "GET /uqmeacn/?C=D;O=D HTTP/1.1" 200 250 "-" "Mozilla/5.0 (compatible; MJ12bot/v1.4.8; http://mj12bot.com/)"
51.77.43.72 - - [20/May/2026:22:39:51 +0000] "GET /xmwlzsg/?C=S;O=D HTTP/1.1" 200 250 "-" "Mozilla/5.0 (compatible; MJ12bot/v1.4.8; http://mj12bot.com/)"
51.77.43.72 - - [20/May/2026:22:39:51 +0000] "GET /xmwlzsg/?C=S;O=D HTTP/1.1" 200 250 "-" "Mozilla/5.0 (compatible; MJ12bot/v1.4.8; http://mj12bot.com/)"
51.77.43.72 - - [20/May/2026:22:39:52 +0000] "GET /uqmeacn/?C=M;O=D HTTP/1.1" 200 250 "-" "Mozilla/5.0 (compatible; MJ12bot/v1.4.8; http://mj12bot.com/)"
51.77.43.72 - - [20/May/2026:22:39:54 +0000] "GET /uqmeacn/?C=N;O=A HTTP/1.1" 200 252 "-" "Mozilla/5.0 (compatible; MJ12bot/v1.4.8; http://mj12bot.com/)"
51.77.43.72 - - [20/May/2026:22:39:55 +0000] "GET /uqmeacn/?C=S;O=D HTTP/1.1" 200 250 "-" "Mozilla/5.0 (compatible; MJ12bot/v1.4.8; http://mj12bot.com/)"
51.77.43.72 - - [20/May/2026:22:39:57 +0000] "GET /vfhlsgp/?C=D;O=D HTTP/1.1" 200 250 "-" "Mozilla/5.0 (compatible; MJ12bot/v1.4.8; http://mj12bot.com/)"
51.77.43.72 - - [20/May/2026:22:39:59 +0000] "GET /vfhlsgp/?C=M;O=D HTTP/1.1" 200 250 "-" "Mozilla/5.0 (compatible; MJ12bot/v1.4.8; http://mj12bot.com/)"
51.77.43.72 - - [20/May/2026:22:40:00 +0000] "GET /vfhlsgp/?C=N;O=A HTTP/1.1" 200 252 "-" "Mozilla/5.0 (compatible; MJ12bot/v1.4.8; http://mj12bot.com/)"
51.77.43.72 - - [20/May/2026:22:40:02 +0000] "GET /vfhlsgp/?C=S;O=D HTTP/1.1" 200 250 "-" "Mozilla/5.0 (compatible; MJ12bot/v1.4.8; http://mj12bot.com/)"
66.249.64.130 - - [20/May/2026:22:40:02 +0000] "GET /?goods/071036724 HTTP/1.1" 200 1358 "-" "Mozilla/5.0 (Linux; Android 6.0.1; Nexus 5X Build/MMB29P) AppleWebKit/537.36 (KHTML, like Gecko) Chrome/148.0.7778.96 Mobile Safari/537.36 (compatible; Googlebot/2.1; +http://www.google.com/bot.html)"
66.249.64.132 - - [20/May/2026:22:40:03 +0000] "GET /?jp/181018868.html HTTP/1.1" 200 1358 "-" "Mozilla/5.0 (Linux; Android 6.0.1; Nexus 5X Build/MMB29P) AppleWebKit/537.36 (KHTML, like Gecko) Chrome/148.0.7778.96 Mobile Safari/537.36 (compatible; Googlebot/2.1; +http://www.google.com/bot.html)"
51.77.43.72 - - [20/May/2026:22:40:06 +0000] "GET /wzseymk/?C=D;O=D HTTP/1.1" 200 250 "-" "Mozilla/5.0 (compatible; MJ12bot/v1.4.8; http://mj12bot.com/)"
51.77.43.72 - - [20/May/2026:22:40:08 +0000] "GET /wzseymk/?C=M;O=D HTTP/1.1" 200 250 "-" "Mozilla/5.0 (compatible; MJ12bot/v1.4.8; http://mj12bot.com/)"
51.77.43.72 - - [20/May/2026:22:40:09 +0000] "GET /wzseymk/?C=N;O=A HTTP/1.1" 200 252 "-" "Mozilla/5.0 (compatible; MJ12bot/v1.4.8; http://mj12bot.com/)"
51.77.43.72 - - [20/May/2026:22:40:11 +0000] "GET /wzseymk/?C=S;O=D HTTP/1.1" 200 250 "-" "Mozilla/5.0 (compatible; MJ12bot/v1.4.8; http://mj12bot.com/)"
51.77.43.72 - - [20/May/2026:22:40:13 +0000] "GET /xmwlzsg/?C=D;O=D HTTP/1.1" 200 250 "-" "Mozilla/5.0 (compatible; MJ12bot/v1.4.8; http://mj12bot.com/)"
51.77.43.72 - - [20/May/2026:22:40:14 +0000] "GET /xmwlzsg/?C=M;O=D HTTP/1.1" 200 250 "-" "Mozilla/5.0 (compatible; MJ12bot/v1.4.8; http://mj12bot.com/)"
51.77.43.72 - - [20/May/2026:22:40:16 +0000] "GET /xmwlzsg/?C=N;O=A HTTP/1.1" 200 252 "-" "Mozilla/5.0 (compatible; MJ12bot/v1.4.8; http://mj12bot.com/)"
51.77.43.72 - - [20/May/2026:22:40:18 +0000] "GET /xmwlzsg/?C=S;O=D HTTP/1.1" 200 250 "-" "Mozilla/5.0 (compatible; MJ12bot/v1.4.8; http://mj12bot.com/)"
66.249.64.130 - - [20/May/2026:22:40:24 +0000] "GET /?goods/132049946 HTTP/1.1" 200 1358 "-" "Mozilla/5.0 (Linux; Android 6.0.1; Nexus 5X Build/MMB29P) AppleWebKit/537.36 (KHTML, like Gecko) Chrome/148.0.7778.96 Mobile Safari/537.36 (compatible; Googlebot/2.1; +http://www.google.com/bot.html)"
66.249.64.130 - - [20/May/2026:22:40:35 +0000] "GET /?goods/229016241 HTTP/1.1" 200 1358 "-" "Mozilla/5.0 (Linux; Android 6.0.1; Nexus 5X Build/MMB29P) AppleWebKit/537.36 (KHTML, like Gecko) Chrome/148.0.7778.96 Mobile Safari/537.36 (compatible; Googlebot/2.1; +http://www.google.com/bot.html)"
66.249.64.130 - - [20/May/2026:22:40:57 +0000] "GET /2736120867?product=2733280582 HTTP/1.1" 404 - "-" "Mozilla/5.0 (Linux; Android 6.0.1; Nexus 5X Build/MMB29P) AppleWebKit/537.36 (KHTML, like Gecko) Chrome/148.0.7778.96 Mobile Safari/537.36 (compatible; Googlebot/2.1; +http://www.google.com/bot.html)"
66.249.64.130 - - [20/May/2026:22:40:57 +0000] "GET /?detail/1000027822711 HTTP/1.1" 200 1358 "-" "Mozilla/5.0 (Linux; Android 6.0.1; Nexus 5X Build/MMB29P) AppleWebKit/537.36 (KHTML, like Gecko) Chrome/148.0.7778.96 Mobile Safari/537.36 (compatible; Googlebot/2.1; +http://www.google.com/bot.html)"
66.249.70.131 - - [20/May/2026:22:40:58 +0000] "GET /?jp/244012628.html HTTP/1.1" 200 1358 "-" "Mozilla/5.0 (Linux; Android 6.0.1; Nexus 5X Build/MMB29P) AppleWebKit/537.36 (KHTML, like Gecko) Chrome/148.0.7778.96 Mobile Safari/537.36 (compatible; Googlebot/2.1; +http://www.google.com/bot.html)"
66.249.64.130 - - [20/May/2026:22:40:59 +0000] "GET /cocohouse-hb016anm33m HTTP/1.1" 404 - "-" "Mozilla/5.0 (Linux; Android 6.0.1; Nexus 5X Build/MMB29P) AppleWebKit/537.36 (KHTML, like Gecko) Chrome/148.0.7778.96 Mobile Safari/537.36 (compatible; Googlebot/2.1; +http://www.google.com/bot.html)"
66.249.64.130 - - [20/May/2026:22:41:16 +0000] "GET /?jp/026011607.html HTTP/1.1" 200 1358 "-" "Mozilla/5.0 (Linux; Android 6.0.1; Nexus 5X Build/MMB29P) AppleWebKit/537.36 (KHTML, like Gecko) Chrome/148.0.7778.96 Mobile Safari/537.36 (compatible; Googlebot/2.1; +http://www.google.com/bot.html)"
142.44.225.10 - - [20/May/2026:22:41:20 +0000] "GET /372822498?product=0372436314 HTTP/1.1" 404 - "-" "Mozilla/5.0 (compatible; AhrefsBot/7.0; +http://ahrefs.com/robot/)"
52.167.144.232 - - [20/May/2026:22:41:27 +0000] "GET /2644211241?product=2641466398 HTTP/1.1" 404 - "-" "Mozilla/5.0 AppleWebKit/537.36 (KHTML, like Gecko; compatible; bingbot/2.0; +http://www.bing.com/bingbot.htm) Chrome/116.0.1938.76 Safari/537.36"
52.167.144.232 - - [20/May/2026:22:41:27 +0000] "GET /3201878383?product=3198554446 HTTP/1.1" 404 - "-" "Mozilla/5.0 AppleWebKit/537.36 (KHTML, like Gecko; compatible; bingbot/2.0; +http://www.bing.com/bingbot.htm) Chrome/116.0.1938.76 Safari/537.36"
51.77.43.72 - - [20/May/2026:22:41:41 +0000] "GET /zymcdwr/?C=D;O=D HTTP/1.1" 200 250 "-" "Mozilla/5.0 (compatible; MJ12bot/v1.4.8; http://mj12bot.com/)"
51.77.43.72 - - [20/May/2026:22:41:42 +0000] "GET /zymcdwr/?C=D;O=D HTTP/1.1" 200 250 "-" "Mozilla/5.0 (compatible; MJ12bot/v1.4.8; http://mj12bot.com/)"
51.77.43.72 - - [20/May/2026:22:41:42 +0000] "GET /zymcdwr/?C=M;O=D HTTP/1.1" 200 250 "-" "Mozilla/5.0 (compatible; MJ12bot/v1.4.8; http://mj12bot.com/)"
51.77.43.72 - - [20/May/2026:22:41:44 +0000] "GET /zymcdwr/?C=M;O=D HTTP/1.1" 200 250 "-" "Mozilla/5.0 (compatible; MJ12bot/v1.4.8; http://mj12bot.com/)"
51.77.43.72 - - [20/May/2026:22:41:44 +0000] "GET /zymcdwr/?C=N;O=A HTTP/1.1" 200 252 "-" "Mozilla/5.0 (compatible; MJ12bot/v1.4.8; http://mj12bot.com/)"
51.77.43.72 - - [20/May/2026:22:41:45 +0000] "GET /zymcdwr/?C=N;O=A HTTP/1.1" 200 252 "-" "Mozilla/5.0 (compatible; MJ12bot/v1.4.8; http://mj12bot.com/)"
148.113.128.165 - - [20/May/2026:22:41:47 +0000] "GET /372779801?product=0372393662 HTTP/1.1" 404 - "-" "Mozilla/5.0 (compatible; AhrefsBot/7.0; +http://ahrefs.com/robot/)"
